{"id":1768,"date":"2016-06-09T18:07:12","date_gmt":"2016-06-09T21:07:12","guid":{"rendered":"http:\/\/10.14.3.75\/corregedoria\/?page_id=1768"},"modified":"2017-04-03T17:48:16","modified_gmt":"2017-04-03T20:48:16","slug":"atos-normativos-2005","status":"publish","type":"page","link":"https:\/\/www.tjes.jus.br\/corregedoria\/legislacao\/atos-normativos-2\/atos-normativos-2005\/","title":{"rendered":"Atos Normativos &#8211; 2005"},"content":{"rendered":"<p style=\"text-align: justify;\"><a href=\"https:\/\/www.tjes.jus.br\/corregedoria\/index.php\/2017\/03\/31\/ato-normativo-no-602005-publ-29122005\/\">060 &#8211; 29\/12\/2005 Ratificar o Ato Normativo 49\/05, pub. 09\/12\/05.<\/a><\/p>\n<p style=\"text-align: justify;\"><a href=\"https:\/\/www.tjes.jus.br\/corregedoria\/index.php\/2017\/03\/31\/ato-normativo-no-0592005-publ-29122005\/\">059 &#8211; 29\/12\/2005 Inclus\u00e3o escala f\u00e9rias ju\u00edzes.<\/a><\/p>\n<p style=\"text-align: justify;\"><a href=\"https:\/\/www.tjes.jus.br\/corregedoria\/index.php\/2017\/03\/31\/ato-normativo-no-0582005-publ-28122005\/\">058 &#8211; 28\/12\/2005 Determina aos magistrados informa\u00e7\u00e3o do n\u00ba computadores.<\/a><\/p>\n<p style=\"text-align: justify;\"><a href=\"https:\/\/www.tjes.jus.br\/corregedoria\/index.php\/2017\/03\/31\/ato-normativo-conjunto-no-0572005-publ-28122005\/\">057 &#8211; (CONJUNTO) 28\/12\/2005 Recomenda aos magistrados observ\u00e2ncia sobre sigilo telef\u00f4nico.<\/a><\/p>\n<p style=\"text-align: justify;\"><a href=\"https:\/\/www.tjes.jus.br\/corregedoria\/index.php\/2017\/03\/31\/ato-normativo-no-562005-publ-26122005\/\">056 &#8211; 26\/12\/2005 Informa\u00e7\u00f5es ve\u00edculos da comarca.<\/a><\/p>\n<p style=\"text-align: justify;\"><a href=\"https:\/\/www.tjes.jus.br\/corregedoria\/index.php\/2017\/03\/31\/ato-normativo-conjunto-no-0552005-publ-21122005\/\">055 &#8211; (CONJUNTO) 21\/12\/2005 Ato Normativo Conjunto 55\/05<\/a>\u00a0&#8211; <span style=\"color: #ff0000;\"><strong>REVOGADO<\/strong><\/span><\/p>\n<p style=\"text-align: justify;\"><a href=\"https:\/\/www.tjes.jus.br\/corregedoria\/index.php\/2017\/03\/31\/ato-normativo-no-542005-publ-16122005\/\">054 &#8211; 16\/12\/2005 Varas com compet\u00eancia Acidente Trabalho<\/a><\/p>\n<p style=\"text-align: justify;\"><a href=\"https:\/\/www.tjes.jus.br\/corregedoria\/index.php\/2017\/03\/31\/ato-normativo-no-0532005-publ-16122005\/\">053 &#8211; 16\/12\/2005 Referente implanta\u00e7\u00e3o Sistema Especializado Seguran\u00e7a<\/a><\/p>\n<p style=\"text-align: justify;\"><a href=\"https:\/\/www.tjes.jus.br\/corregedoria\/index.php\/2017\/03\/31\/ato-normativo-no-0522005-publ-14122005\/\">052 &#8211; 14\/12\/2005 Referente escala rod\u00edzio<\/a><\/p>\n<p style=\"text-align: justify;\"><a href=\"https:\/\/www.tjes.jus.br\/corregedoria\/index.php\/2017\/03\/31\/ato-normativo-no-0512005-publ-06122005\/\">051 &#8211; 06\/12\/2005 Atualiza\u00e7\u00e3o precat\u00f3rios pela taxa Selic<\/a>\u00a0&#8211; <span style=\"color: #ff0000;\"><strong>REVOGADO<\/strong><\/span><\/p>\n<p style=\"text-align: justify;\"><a href=\"https:\/\/www.tjes.jus.br\/corregedoria\/index.php\/2017\/03\/31\/ato-normativo-no-0502005-publ-06122005\/\">050 &#8211; 06\/12\/2005 Referente Substitui\u00e7\u00e3o impressoras.<\/a><\/p>\n<p style=\"text-align: justify;\"><a href=\"https:\/\/www.tjes.jus.br\/corregedoria\/index.php\/2017\/03\/31\/ato-normativo-n-492005-publ-06122005\/\">049 &#8211; 06\/12\/2005 Provid\u00eancias quanto \u00e0 Resolu\u00e7\u00e3o 07, pub. dia 14\/11\/05.<\/a><\/p>\n<p style=\"text-align: justify;\"><a href=\"https:\/\/www.tjes.jus.br\/corregedoria\/index.php\/2017\/03\/31\/ato-normativo-no-0482005-publ-02122005\/\">048 &#8211; 02\/12\/2005 Escala f\u00e9rias Ju\u00edzes.<\/a><\/p>\n<p style=\"text-align: justify;\"><a href=\"https:\/\/www.tjes.jus.br\/corregedoria\/index.php\/2017\/03\/31\/ato-normativo-no-0472005-publ-28112005\/\">047 &#8211; 28\/11\/2005 Suspende prazo 28\/11\/05 Barra de S\u00e3o Francisco<\/a><\/p>\n<p style=\"text-align: justify;\"><a href=\"https:\/\/www.tjes.jus.br\/corregedoria\/index.php\/2017\/03\/31\/ato-normativo-no-0462005-publ-14112005\/\">046 &#8211; 14\/11\/2005 Suspende prazo dia 10\/11\/05 Barra S\u00e3o Francisco<\/a><\/p>\n<p style=\"text-align: justify;\"><a href=\"https:\/\/www.tjes.jus.br\/corregedoria\/index.php\/2017\/03\/31\/ato-normativo-no-0452005-publ-19102005\/\">045 &#8211; 19\/10\/2005 Prorroga suspens\u00e3o prazos at\u00e9 24\/10\/05 na 3\u00aa V. c\u00edvel e Vara Faz. P\u00fab. Guarapari<\/a><\/p>\n<p style=\"text-align: justify;\"><a href=\"https:\/\/www.tjes.jus.br\/corregedoria\/index.php\/2017\/03\/31\/ato-normativo-no-0442005-publ-14102005\/\">044 &#8211; 14\/10\/2005 Suspende prazo dias 14 e 21\/10\/05 Marechal Floriano<\/a><\/p>\n<p style=\"text-align: justify;\"><a href=\"https:\/\/www.tjes.jus.br\/corregedoria\/index.php\/2017\/03\/31\/ato-normativo-no-0432005-publ-10102005\/\">043 &#8211; 10\/10\/2005 Re-ratificar o Ato Normativo 42\/05.<\/a><\/p>\n<p style=\"text-align: justify;\"><a href=\"https:\/\/www.tjes.jus.br\/corregedoria\/index.php\/2017\/03\/31\/ato-normativo-no-0422005-publ-05102005\/\">042 &#8211; 05\/10\/2005 Suspende atendimento 3\u00aa,4\u00aa,6\u00aa,7\u00aa e 8\u00aa criminais Vit\u00f3ria de 05 \u00e0 14\/10\/05.<\/a><\/p>\n<p style=\"text-align: justify;\"><a href=\"https:\/\/www.tjes.jus.br\/corregedoria\/index.php\/2017\/03\/31\/ato-normativo-no-0412005-publ-30092005\/\">041 &#8211; 30\/09\/2005 Suspende prazo de 03 a 14\/10\/05 Guarapari<\/a><\/p>\n<p style=\"text-align: justify;\"><a href=\"https:\/\/www.tjes.jus.br\/corregedoria\/index.php\/2017\/03\/31\/ato-normativo-no-0402005-publ-26092005\/\">040 &#8211; 26\/09\/2005 Prorroga suspens\u00e3o prazo at\u00e9 30\/09\/05 1\u00ba,2\u00ba e 3\u00ba Juiz. Esp. C\u00edveis Vila Velha<\/a><\/p>\n<p style=\"text-align: justify;\"><a href=\"https:\/\/www.tjes.jus.br\/corregedoria\/index.php\/2017\/03\/31\/ato-normativo-no-0392005-publ-14092005\/\">039 &#8211; 14\/09\/2005 Suspende prazo de 19 a 23\/09\/05 em Afonso Cl\u00e1udio<\/a><\/p>\n<p style=\"text-align: justify;\"><a href=\"https:\/\/www.tjes.jus.br\/corregedoria\/index.php\/2017\/03\/31\/ato-normativo-no-0382005-publ-31082005\/\">038 &#8211; 31\/08\/2005\u00a0Suspende prazos processuais no Ju\u00edzo de Vit\u00f3ria, no per\u00edodo de 5 a 19\/09\/2005<\/a><\/p>\n<p style=\"text-align: justify;\"><a href=\"https:\/\/www.tjes.jus.br\/corregedoria\/index.php\/2017\/03\/31\/ato-normativo-no-0372005-publ-31082005\/\">037 &#8211; 31\/08\/2005 Suspende prazo de 12 a 26\/09\/05 nos 1\u00ba,2\u00ba e 3\u00ba Juiz. Esp. C\u00edveis Vila Velha<\/a><\/p>\n<p style=\"text-align: justify;\"><a href=\"https:\/\/www.tjes.jus.br\/corregedoria\/index.php\/2017\/03\/31\/ato-normativo-no-0372005-publ-24082005\/\">037 &#8211; 24\/08\/2005 Suspende prazo por 30 dias em Colatina.<\/a><\/p>\n<p style=\"text-align: justify;\"><a href=\"https:\/\/www.tjes.jus.br\/corregedoria\/index.php\/2017\/03\/31\/ato-normativo-no-0362005-publ-22082005\/\">036 &#8211; 22\/08\/2005 Determina aos magistrados remessa \u00e0 presid\u00eancia casos funcionamento de bingo no Estado<\/a><\/p>\n<p style=\"text-align: justify;\"><a href=\"https:\/\/www.tjes.jus.br\/corregedoria\/index.php\/2017\/03\/27\/ato-normativo-no-0352017-disp-27032017\/\">035 &#8211; 17\/08\/2005 Inclui Dr. Evandro Alberto no Mutir\u00e3o<\/a><\/p>\n<p style=\"text-align: justify;\"><a href=\"https:\/\/www.tjes.jus.br\/corregedoria\/index.php\/2017\/03\/31\/ato-normativo-no-0342005-publ-08082005\/\">034 &#8211; 08\/08\/2005 Prorroga suspens\u00e3o prazos e abertura processos<\/a><\/p>\n<p style=\"text-align: justify;\"><a href=\"https:\/\/www.tjes.jus.br\/corregedoria\/index.php\/2017\/03\/31\/ato-normativo-no-0332005-publ-12082005\/\">033 &#8211; 12\/08\/2005 Cessa efeitos dos of\u00edcios de localiza\u00e7\u00e3o de Escriv\u00e3es ou Contadores<\/a><\/p>\n<p style=\"text-align: justify;\"><a href=\"https:\/\/www.tjes.jus.br\/corregedoria\/index.php\/2017\/03\/31\/ato-normativo-no-0322005-publ-22072005\/\">032 &#8211; 22\/07\/2005 Suspende prazo dias 19 e 29\/07\/05 no 4\u00ba Juiz. Esp. C\u00edvel de Vit\u00f3ria.<\/a><\/p>\n<p style=\"text-align: justify;\"><a href=\"https:\/\/www.tjes.jus.br\/corregedoria\/index.php\/2017\/03\/31\/ato-normativo-no-0312005-publ-22072005\/\">031 &#8211; 22\/07\/2005 Suspende prazo dias 14 e 15\/07\/05 no 1\u00ba Juiz. Esp. Criminal de Vila Velha.<\/a><\/p>\n<p style=\"text-align: justify;\"><a href=\"https:\/\/www.tjes.jus.br\/corregedoria\/index.php\/2017\/03\/31\/ato-normativo-no-0302005-publ-14072005\/\">030 &#8211; 14\/07\/2005 Acrescenta nome Servidor no Mutir\u00e3o<\/a><\/p>\n<p style=\"text-align: justify;\"><a href=\"https:\/\/www.tjes.jus.br\/corregedoria\/index.php\/2017\/03\/31\/ato-normativo-no-0292005-publ-13072005\/\">029 &#8211; 13\/07\/2005 Determina cumprimento da Portaria 143 pub. dia 04\/03\/05.<\/a><\/p>\n<p style=\"text-align: justify;\"><a href=\"https:\/\/www.tjes.jus.br\/corregedoria\/index.php\/2017\/03\/31\/ato-normativo-no-0282005-publ-12072005\/\">028 &#8211; 12\/07\/2005 Inclui Dr. Felipe Leit\u00e3o Gomes no Mutir\u00e3o<\/a><\/p>\n<p style=\"text-align: justify;\"><a href=\"https:\/\/www.tjes.jus.br\/corregedoria\/index.php\/2017\/03\/31\/ato-normativo-no-0272005-publ-12072005\/\">027 &#8211; 12\/07\/2005 Suspende prazo dias 21 e 22\/06\/05 Itapemirim.<\/a><\/p>\n<p style=\"text-align: justify;\"><a href=\"https:\/\/www.tjes.jus.br\/corregedoria\/index.php\/2017\/03\/31\/ato-normativo-no-0262005-publ-08072005\/\">026 &#8211; 08\/07\/2005 Revoga o Ato Normativo 12\/05, pub. dia 10\/05\/05.<\/a>\u00a0&#8211; <span style=\"color: #ff0000;\"><strong>REVOGADO<\/strong><\/span><\/p>\n<p style=\"text-align: justify;\"><a href=\"https:\/\/www.tjes.jus.br\/corregedoria\/index.php\/2017\/03\/31\/ato-normativo-no-0252005-publ-07072005\/\">025 &#8211; 07\/07\/2005 Recomenda observ\u00e2ncia da Lei 10.910\/94.<\/a><\/p>\n<p style=\"text-align: justify;\"><a href=\"https:\/\/www.tjes.jus.br\/corregedoria\/index.php\/2017\/03\/31\/ato-normativo-no-0242005-publ-20062005\/\">024 &#8211; 20\/06\/2005 Suspende prazo dias 13 e 14\/06\/05 no 1\u00ba Juiz.Esp C\u00edvel de Vit\u00f3ria<\/a><\/p>\n<p style=\"text-align: justify;\"><a href=\"https:\/\/www.tjes.jus.br\/corregedoria\/index.php\/2017\/03\/31\/ato-normativo-no-0232005-publ-16062005\/\">023 &#8211; 16\/06\/2005 Determina cadastramento de todas as a\u00e7\u00f5es em tr\u00e2mite nas serventias<\/a><\/p>\n<p style=\"text-align: justify;\"><a href=\"https:\/\/www.tjes.jus.br\/corregedoria\/index.php\/2017\/03\/31\/ato-normativo-no-0222005-publ-13062005\/\">022 &#8211; 13\/06\/2005 Torna insubsistente Ato Normativo 21\/05.<\/a><\/p>\n<p style=\"text-align: justify;\"><a href=\"https:\/\/www.tjes.jus.br\/corregedoria\/index.php\/2017\/03\/31\/ato-normativo-no-0212005-publ-06062005\/\">021 &#8211; 06\/06\/2005 Cessa efeitos do ato Normativo 08\/05.<\/a>\u00a0&#8211; <span style=\"color: #ff0000;\"><strong>TORNADO INSUBSISTENTE<\/strong><\/span><\/p>\n<p style=\"text-align: justify;\"><a href=\"https:\/\/www.tjes.jus.br\/corregedoria\/index.php\/2017\/03\/31\/ato-normativo-no-0202005-publ-06062005\/\">020 &#8211; 06\/06\/2005 Solicita aos Magistrados informa\u00e7\u00e3o quanto ao n\u00ba presos<\/a><\/p>\n<p style=\"text-align: justify;\"><a href=\"https:\/\/www.tjes.jus.br\/corregedoria\/index.php\/2017\/03\/29\/ato-normativo-no-0192005-publ-27052005\/\">019 &#8211; 27\/05\/2005 Orienta\u00e7\u00e3o quanto ao uso adequado e-mail.<\/a><\/p>\n<p style=\"text-align: justify;\"><a href=\"https:\/\/www.tjes.jus.br\/corregedoria\/index.php\/2017\/03\/29\/ato-normativo-no-0182005-publ-30052005-republicacao\/\">018 &#8211; 30\/05\/2005 Delega ao Diretor Geral compet\u00eancia Plant\u00e3o Judici\u00e1rio<\/a>\u00a0&#8211; <span style=\"color: #ff0000;\"><strong>REPUBLICA\u00c7\u00c3O<\/strong><\/span><\/p>\n<p style=\"text-align: justify;\"><a href=\"https:\/\/www.tjes.jus.br\/corregedoria\/index.php\/2017\/03\/29\/ato-normativo-no-0182005-publ-25052005\/\">018 &#8211; 25\/05\/2005 Delega ao Diretor Geral compet\u00eancia Plant\u00e3o Judici\u00e1rio<\/a>\u00a0&#8211; <span style=\"color: #ff0000;\"><strong>REPUBLICADO<\/strong><\/span><\/p>\n<p style=\"text-align: justify;\"><a href=\"https:\/\/www.tjes.jus.br\/corregedoria\/index.php\/2017\/03\/29\/ato-normativo-no-0172005-publ-25052005\/\">017 &#8211; 25\/05\/2005 Suspende prazo 16\/05\/05 Gua\u00e7u\u00ed<\/a><\/p>\n<p style=\"text-align: justify;\"><a href=\"https:\/\/www.tjes.jus.br\/corregedoria\/index.php\/2017\/03\/29\/ato-normativo-no-0162005-publ-19052005\/\">016 &#8211; 19\/05\/2005 Suspende prazo 20\/05\/05 Domingos Martins<\/a><\/p>\n<p style=\"text-align: justify;\"><a href=\"https:\/\/www.tjes.jus.br\/corregedoria\/index.php\/2017\/03\/29\/ato-normativo-no-0152005-publ-19052005\/\">015 &#8211; 19\/05\/2005 Torna s\/efeito Ato Normativo 14\/05, pub. dia 12\/05\/05.<\/a><\/p>\n<p style=\"text-align: justify;\"><a href=\"https:\/\/www.tjes.jus.br\/corregedoria\/index.php\/2017\/03\/29\/ato-normativo-no-0142005-publ-12052005\/\">014 &#8211; 12\/05\/2005 Cessa os efeitos do Ato Normativo n\u00ba 001\/05, em rela\u00e7\u00e3o ao Dr. Ezequiel Tur\u00edbio, designado para integrar o quadro de Ju\u00edzes que funcionam junto ao Sistema de Coopera\u00e7\u00e3o Regional &#8211; Mutir\u00e3o.<\/a>\u00a0&#8211; <span style=\"color: #ff0000;\"><strong>EFEITOS CESSADOS<\/strong><\/span><\/p>\n<p style=\"text-align: justify;\"><a href=\"https:\/\/www.tjes.jus.br\/corregedoria\/index.php\/2017\/03\/29\/ato-normativo-no-0132005-publ-11052005\/\">013 &#8211; 11\/05\/2005 Estende compet\u00eancia aos Magistrados pertencentes ao Mutir\u00e3o<\/a><\/p>\n<p style=\"text-align: justify;\"><a href=\"https:\/\/www.tjes.jus.br\/corregedoria\/index.php\/2017\/03\/29\/ato-normativo-no-122005-publ-10052005\/\">012 &#8211; 10\/05\/2005 Recomenda\u00e7\u00e3o aos Ju\u00edzes das Varas com compet\u00eancia Acidente de Trabalho. &#8211; <span style=\"color: #ff0000;\"><strong>REVOGADO<\/strong><\/span><\/a><\/p>\n<p style=\"text-align: justify;\"><a href=\"https:\/\/www.tjes.jus.br\/corregedoria\/index.php\/2017\/03\/29\/ato-normativo-no-112005-publ-27042005\/\">011 &#8211; 27\/04\/2005 Suspende prazo dias 28 e 29\/05 em Domingos Martins<\/a><\/p>\n<p style=\"text-align: justify;\"><a href=\"https:\/\/www.tjes.jus.br\/corregedoria\/index.php\/2017\/03\/29\/ato-normativo-no-0102005-publ-25042005\/\">010 &#8211; 25\/04\/2005 Suspende prazo em Maril\u00e2ndia dias 27, 28 e 29\/04\/05.<\/a><\/p>\n<p style=\"text-align: justify;\"><a href=\"https:\/\/www.tjes.jus.br\/corregedoria\/index.php\/2017\/03\/29\/ato-normativo-no-092005-publ-25042005\/\">009 &#8211; 25\/04\/2005 Suspende prazo Juiz Esp. C\u00edvel Adjunto UNESC dias 27,28 e 29\/04\/05<\/a><\/p>\n<p style=\"text-align: justify;\"><a href=\"https:\/\/www.tjes.jus.br\/corregedoria\/index.php\/2017\/03\/29\/ato-normativo-no-082005-publ-20042005\/\">008 &#8211; 20\/04\/2005 Constitui quadro Magistrados Mutir\u00e3o Juizados Especiais.<\/a>\u00a0&#8211;\u00a0<span style=\"color: #ff0000;\"><strong>ALTERADO &#8211; REVOGADO<\/strong><\/span><\/p>\n<p style=\"text-align: justify;\"><a href=\"https:\/\/www.tjes.jus.br\/corregedoria\/index.php\/2017\/03\/29\/ato-normativo-no-0072005-publ-14042005\/\">007 &#8211; 14\/04\/2005 Revoga o Ato Normativo 01\/04<\/a><\/p>\n<p style=\"text-align: justify;\"><a href=\"https:\/\/www.tjes.jus.br\/corregedoria\/index.php\/2017\/03\/29\/ato-normativo-no-0062005-publ-06042005\/\">006 &#8211; 06\/04\/2005 Suspende prazo Ju\u00edzo Vila Velha dia 01\/04\/05.<\/a><\/p>\n<p style=\"text-align: justify;\"><a href=\"https:\/\/www.tjes.jus.br\/corregedoria\/index.php\/2017\/03\/29\/ato-normativo-no-0052005-publ-06042005\/\">005 &#8211; 06\/04\/2005 Acrescenta servidor no quadro Mutir\u00e3o.<\/a><\/p>\n<p style=\"text-align: justify;\"><a href=\"https:\/\/www.tjes.jus.br\/corregedoria\/index.php\/2017\/03\/29\/ato-normativo-no-0042005-publ-31032005\/\">004 &#8211; 31\/03\/2005 Acrescenta item no Ato Normativo 01\/05.<\/a><\/p>\n<p style=\"text-align: justify;\"><a href=\"https:\/\/www.tjes.jus.br\/corregedoria\/index.php\/2017\/03\/29\/ato-normativo-no-0032005-publ-23032005\/\">003 &#8211; 23\/03\/2005 Suspende prazo varas fam\u00edlias, inf\u00e2ncia e \u00f3rf\u00e3os de Linhares dias 21 a 29\/03\/05<\/a><\/p>\n<p style=\"text-align: justify;\"><a href=\"https:\/\/www.tjes.jus.br\/corregedoria\/index.php\/2017\/03\/29\/ato-normativo-no-0022005-publ-23032015\/\">002 &#8211; 23\/03\/2005 Designa Servidores para Mutir\u00e3o &#8211; <span style=\"color: #ff0000;\"><strong>ALTERADO<\/strong><\/span><\/a><\/p>\n<p style=\"text-align: justify;\"><a href=\"https:\/\/www.tjes.jus.br\/corregedoria\/index.php\/2017\/03\/29\/ato-normativo-no-0012005-publ-17032015\/\">001 &#8211; 17\/03\/2005 Constitui quadro Magistrados para Mutir\u00e3o<\/a>\u00a0&#8211; <span style=\"color: #ff0000;\"><strong>ALTERADO<\/strong><\/span><\/p>\n<p>&nbsp;<\/p>\n","protected":false},"excerpt":{"rendered":"<p>060 &#8211; 29\/12\/2005 Ratificar o Ato Normativo 49\/05, pub. 09\/12\/05. 059 &#8211; 29\/12\/2005 Inclus\u00e3o escala f\u00e9rias ju\u00edzes. 058 &#8211; 28\/12\/2005 Determina aos magistrados informa\u00e7\u00e3o do n\u00ba computadores. 057 &#8211; (CONJUNTO) 28\/12\/2005 Recomenda aos magistrados observ\u00e2ncia sobre sigilo telef\u00f4nico. 056 &#8211; 26\/12\/2005 Informa\u00e7\u00f5es ve\u00edculos da comarca. 055 &#8211; (CONJUNTO) 21\/12\/2005 Ato Normativo Conjunto 55\/05\u00a0&#8211; REVOGADO 054 [&hellip;]<\/p>\n","protected":false},"author":1,"featured_media":0,"parent":1732,"menu_order":0,"comment_status":"closed","ping_status":"closed","template":"","meta":{"footnotes":""},"_links":{"self":[{"href":"https:\/\/www.tjes.jus.br\/corregedoria\/wp-json\/wp\/v2\/pages\/1768"}],"collection":[{"href":"https:\/\/www.tjes.jus.br\/corregedoria\/wp-json\/wp\/v2\/pages"}],"about":[{"href":"https:\/\/www.tjes.jus.br\/corregedoria\/wp-json\/wp\/v2\/types\/page"}],"author":[{"embeddable":true,"href":"https:\/\/www.tjes.jus.br\/corregedoria\/wp-json\/wp\/v2\/users\/1"}],"replies":[{"embeddable":true,"href":"https:\/\/www.tjes.jus.br\/corregedoria\/wp-json\/wp\/v2\/comments?post=1768"}],"version-history":[{"count":11,"href":"https:\/\/www.tjes.jus.br\/corregedoria\/wp-json\/wp\/v2\/pages\/1768\/revisions"}],"predecessor-version":[{"id":44057,"href":"https:\/\/www.tjes.jus.br\/corregedoria\/wp-json\/wp\/v2\/pages\/1768\/revisions\/44057"}],"up":[{"embeddable":true,"href":"https:\/\/www.tjes.jus.br\/corregedoria\/wp-json\/wp\/v2\/pages\/1732"}],"wp:attachment":[{"href":"https:\/\/www.tjes.jus.br\/corregedoria\/wp-json\/wp\/v2\/media?parent=1768"}],"curies":[{"name":"wp","href":"https:\/\/api.w.org\/{rel}","templated":true}]}}