{"id":238,"date":"2016-05-27T08:17:28","date_gmt":"2016-05-27T11:17:28","guid":{"rendered":"http:\/\/localhost\/corregedoria\/?page_id=238"},"modified":"2026-05-15T17:14:27","modified_gmt":"2026-05-15T20:14:27","slug":"consultas-eletronicas","status":"publish","type":"page","link":"https:\/\/www.tjes.jus.br\/corregedoria\/consultas-eletronicas\/","title":{"rendered":"Sistemas"},"content":{"rendered":"<ul>\n<li style=\"text-align: justify;\">\n<h4 style=\"text-align: justify;\"><a href=\"https:\/\/sistemas.cgj.es.gov.br\/Portal\/PagInicio.aspx\" target=\"_blank\" rel=\"noopener\">Sistemas Administrativos do PJ-ES (Intranet)<\/a><\/h4>\n<\/li>\n<li>\n<h4 style=\"text-align: justify;\"><a href=\"https:\/\/sistemas.tjes.jus.br\/sistemas\/sistcorrege\/index.cfm\">Sistemas da Corregedoria Geral da Justi\u00e7a (Intranet)<\/a><\/h4>\n<\/li>\n<li style=\"text-align: justify;\">\n<h4><a href=\"http:\/\/aplicativos.tjes.jus.br\/sistemaspublicos\/consulta_protocolo\/cons_protoc.cfm\">Consulta Protocolo (Sistema Segunda Inst\u00e2ncia)<\/a>:\u00a0Consulte o andamento do expediente em tramita\u00e7\u00e3o no \u00e2mbito da Corregedoria Geral de Justi\u00e7a.<\/h4>\n<\/li>\n<li style=\"text-align: justify;\">\n<h4><a href=\"https:\/\/selo.tjes.jus.br\/consulta\/\" target=\"_self\" rel=\"noopener\">Consulta P\u00fablica do Selo Digital e\/ou do Selo F\u00edsico<\/a>: Consulte os\u00a0selos digitais utilizados em atos praticados nas serventias extrajudiciais.<\/h4>\n<\/li>\n<li style=\"text-align: justify;\">\n<h4><a href=\"https:\/\/selo.tjes.jus.br\/validaxml\/\">Valida\u00e7\u00e3o de Selo Digital (via arquivo XML)<\/a><\/h4>\n<\/li>\n<li style=\"text-align: justify;\">\n<h4><a href=\"https:\/\/selo.tjes.jus.br\/consulta\/CertidaoNegativa.aspx\" target=\"_blank\" rel=\"noopener\">Certid\u00e3o de quita\u00e7\u00e3o de guias de fundos por serventias extrajudiciais<\/a>:\u00a0(FUNEPJ, FARPEN, FADESPES, FUNEMP e FUNCAD).<\/h4>\n<\/li>\n<li style=\"text-align: justify;\">\n<h4><a href=\"https:\/\/www.tjes.jus.br\/corregedoria\/index.php\/consulta-publica-dos-sistemas-da-corregedoria-nacional-de-justica\/\">Consulta P\u00fablica dos Sistemas da Corregedoria Nacional de Justi\u00e7a<\/a><\/h4>\n<\/li>\n<li style=\"text-align: justify;\">\n<h4><a href=\"https:\/\/www.tjes.jus.br\/corregedoria\/index.php\/central-de-informacoes-do-registro-civil\/\" target=\"_blank\" rel=\"noopener\">Central de Informa\u00e7\u00f5es do Registro Civil<\/a><\/h4>\n<\/li>\n<li style=\"text-align: justify;\">\n<h4><a href=\"https:\/\/www.tjes.jus.br\/corregedoria\/index.php\/sistema-de-registro-eletronico-de-imoveis-srei\/\" target=\"_blank\" rel=\"noopener\">Sistema de Registro Eletr\u00f4nico de Im\u00f3veis \u2013 SREI<\/a><\/h4>\n<\/li>\n<li style=\"text-align: justify;\">\n<h4><a href=\"http:\/\/aplicativos.tjes.jus.br\/sistemaspublicos\/corregedoria\/certidao_online_cgj\/certidao1.cfm\" target=\"_self\" rel=\"noopener\">Certid\u00f5es On-line<\/a>\u00a0(Referentes \u00e0 rela\u00e7\u00e3o de cart\u00f3rios do Contador, Partidor, Distribuidor, Deposit\u00e1rio P\u00fablico, PROTESTO DE T\u00cdTULOS E LETRAS e FAL\u00caNCIA E CONCORDATA)<\/h4>\n<\/li>\n<li style=\"text-align: justify;\">\n<h4><a href=\"https:\/\/www.tjes.jus.br\/certidao-negativa-2\/\">Certid\u00e3o Negativa de A\u00e7\u00f5es no PJES para Pessoas F\u00edsicas e Jur\u00eddicas<\/a><\/h4>\n<\/li>\n<li style=\"text-align: justify;\">\n<h4><a href=\"https:\/\/www.tjes.jus.br\/corregedoria\/index.php\/malote-digital-de-servico-publico-notarial-e-de-registro\/\" target=\"_blank\" rel=\"noopener\">Malote Digital de Servi\u00e7o P\u00fablico Notarial e de Registro<\/a><\/h4>\n<\/li>\n<\/ul>\n","protected":false},"excerpt":{"rendered":"<p>Sistemas Administrativos do PJ-ES (Intranet) Sistemas da Corregedoria Geral da Justi\u00e7a (Intranet) Consulta Protocolo (Sistema Segunda Inst\u00e2ncia):\u00a0Consulte o andamento do expediente em tramita\u00e7\u00e3o no \u00e2mbito da Corregedoria Geral de Justi\u00e7a. Consulta P\u00fablica do Selo Digital e\/ou do Selo F\u00edsico: Consulte os\u00a0selos digitais utilizados em atos praticados nas serventias extrajudiciais. Valida\u00e7\u00e3o de Selo Digital (via arquivo [&hellip;]<\/p>\n","protected":false},"author":1,"featured_media":0,"parent":0,"menu_order":0,"comment_status":"closed","ping_status":"closed","template":"","meta":{"footnotes":""},"_links":{"self":[{"href":"https:\/\/www.tjes.jus.br\/corregedoria\/wp-json\/wp\/v2\/pages\/238"}],"collection":[{"href":"https:\/\/www.tjes.jus.br\/corregedoria\/wp-json\/wp\/v2\/pages"}],"about":[{"href":"https:\/\/www.tjes.jus.br\/corregedoria\/wp-json\/wp\/v2\/types\/page"}],"author":[{"embeddable":true,"href":"https:\/\/www.tjes.jus.br\/corregedoria\/wp-json\/wp\/v2\/users\/1"}],"replies":[{"embeddable":true,"href":"https:\/\/www.tjes.jus.br\/corregedoria\/wp-json\/wp\/v2\/comments?post=238"}],"version-history":[{"count":44,"href":"https:\/\/www.tjes.jus.br\/corregedoria\/wp-json\/wp\/v2\/pages\/238\/revisions"}],"predecessor-version":[{"id":47269,"href":"https:\/\/www.tjes.jus.br\/corregedoria\/wp-json\/wp\/v2\/pages\/238\/revisions\/47269"}],"wp:attachment":[{"href":"https:\/\/www.tjes.jus.br\/corregedoria\/wp-json\/wp\/v2\/media?parent=238"}],"curies":[{"name":"wp","href":"https:\/\/api.w.org\/{rel}","templated":true}]}}