{"id":26089,"date":"2019-02-05T12:57:47","date_gmt":"2019-02-05T14:57:47","guid":{"rendered":"https:\/\/www.tjes.jus.br\/corregedoria\/?page_id=26089"},"modified":"2024-03-05T13:56:39","modified_gmt":"2024-03-05T16:56:39","slug":"resolucoes-tjes-2019","status":"publish","type":"page","link":"https:\/\/www.tjes.jus.br\/corregedoria\/legislacao\/resolucoes-tjes\/resolucoes-tjes-2019\/","title":{"rendered":"Resolu\u00e7\u00f5es TJES \u2013 2019"},"content":{"rendered":"<p style=\"text-align: justify;\"><a href=\"https:\/\/www.tjes.jus.br\/corregedoria\/2019\/12\/12\/resolucao-no-47-2019-disp-12-12-2019\/\">047 &#8211; Reconduzir <span lang=\"pt-BR\">a Exm\u00aa Sr\u00aa Des. JANETE VARGAS SIM\u00d5ES\u00a0<\/span><span lang=\"pt-BR\">para o\u00a0<\/span><span lang=\"pt-BR\">cargo de SUPERVISORA DO N\u00daCLEO DE M\u00c9TODOS CONSENSUAIS DE SOLU\u00c7\u00c3O DE CONFLITOS do Egr\u00e9gio Tribunal de Justi\u00e7a, no Bi\u00eanio de\u00a0<\/span><span lang=\"pt-BR\">2020\/2021<\/span><span lang=\"pt-BR\">,<\/span><span lang=\"pt-BR\">na forma do art. 38-Y, da Lei Complementar n\u00ba 234\/02, e art. 5\u00ba, da Lei Complementar n\u00ba 566\/10.<\/span><span lang=\"pt-BR\">.<\/span>&#8211; disp. 12\/12\/2019<\/a><\/p>\n<p style=\"text-align: justify;\"><a href=\"https:\/\/www.tjes.jus.br\/corregedoria\/2019\/12\/12\/resolucao-no-46-2019-disp-12-12-2019\/\">046 &#8211; Reconduzir\u00a0<span lang=\"pt-BR\">o Exm\u00ba Sr. Des. ROBSON LUIZ ALBANEZ para o cargo de PRESIDENTE daCOMISS\u00c3O DESEGURAN\u00c7A INSTITUCIONAL,\u00a0no Bi\u00eanio\u00a02020\/2021, nos termos do art. 113-B, do Regimento Interno, na forma do art. 38-X da Lei Complementar n\u00ba 234\/02, e art. 5\u00ba, da Lei Complementar n\u00ba 566\/10.<\/span>&#8211; disp. 12\/12\/2019<\/a><\/p>\n<p style=\"text-align: justify;\"><a href=\"https:\/\/www.tjes.jus.br\/corregedoria\/2019\/12\/12\/resolucao-no-45-2019-disp-12-12-2019\/\">045 &#8211; Reconduzir <span lang=\"pt-BR\">os Exm\u00bas Srs. Desembargadores para comporem a COMISS\u00c3O DE JURISPRUD\u00caNCIA, no Bi\u00eanio\u00a0<\/span><span lang=\"pt-BR\">2020\/2021<\/span><span lang=\"pt-BR\">, nos termos do art. 113, do Regimento Interno:<\/span><span lang=\"pt-BR\">.<\/span>&#8211; disp. 12\/12\/2019<\/a><\/p>\n<p style=\"text-align: justify;\"><a href=\"https:\/\/www.tjes.jus.br\/corregedoria\/2019\/12\/12\/resolucao-no-44-2019-disp-12-12-2019\/\">044 &#8211; Reconduzir os Exm\u00bas Srs. Desembargadores para comporem a COMISS\u00c3O DE REGIMENTO INTERNO, no Bi\u00eanio 2020\/2021, nos termos do art. 112, do Regimento desta Corte:<span lang=\"pt-BR\">.<\/span>&#8211; disp. 12\/12\/2019<\/a><\/p>\n<p style=\"text-align: justify;\"><a href=\"https:\/\/www.tjes.jus.br\/corregedoria\/2019\/12\/12\/resolucao-no-43-2019-disp-12-12-2019\/\">043 &#8211; Reconduzir os Exm\u00bas Srs. Desembargadores para comporem a COMISS\u00c3O DE REFORMA JUDICI\u00c1RIA, no Bi\u00eanio 2020\/2021, nos termos do art. 113-A, do Regimento Interno, e art. 1\u00ba, par\u00e1grafo \u00fanico, da Lei Complementar n\u00ba 234\/02: &#8211; disp. 12\/12\/2019<\/a><\/p>\n<p style=\"text-align: justify;\"><a href=\"https:\/\/www.tjes.jus.br\/corregedoria\/2019\/12\/12\/resolucao-no-42-2019-disp-12-12-2019\/\">042 &#8211; Reconduzir<span lang=\"pt-BR\">o Exm\u00ba Sr. Des. JORGE HENRIQUE VALLE DOS SANTOS para o cargo de SUPERVISOR DAS VARAS DA INF\u00c2NCIA E JUVENTUDE do Egr\u00e9gio Tribunal de Justi\u00e7a,<\/span><span lang=\"pt-BR\">\u00a0para o Bi\u00eanio\u00a0<\/span><span lang=\"pt-BR\">2020\/2021<\/span><span lang=\"pt-BR\">,\u00a0<\/span><span lang=\"pt-BR\">na forma do art. 10, \u00a77\u00ba, art. 71-A, art. 71-F, todos do Regimento Interno, e art. 38-O, da Lei Complementar n\u00ba 234\/02<\/span><span lang=\"pt-BR\">.<\/span>&#8211; disp. 12\/12\/2019<\/a><\/p>\n<p style=\"text-align: justify;\"><a href=\"https:\/\/www.tjes.jus.br\/corregedoria\/2019\/12\/12\/resolucao-no-41-2019-disp-12-12-2019\/\">041 &#8211; Reconduzir <span lang=\"pt-BR\">o Exm\u00ba Sr. Des. FERNANDO ZARDINI ANTONIO\u00a0<\/span><span lang=\"pt-BR\">para o<\/span><span lang=\"pt-BR\">\u00a0cargo de SUPERVISOR DAS VARAS CRIMINAIS, EXECU\u00c7\u00d5ES PENAIS E VIOL\u00caNCIA DOM\u00c9STICA do Egr\u00e9gio Tribunal de Justi\u00e7a,\u00a0<\/span><span lang=\"pt-BR\">para o<\/span><span lang=\"pt-BR\">\u00a0Bi\u00eanio\u00a0<\/span><span lang=\"pt-BR\">2020\/2021<\/span><span lang=\"pt-BR\">,<\/span><span lang=\"pt-BR\">na forma do art. 10, \u00a77\u00ba, art. 71-A, art. 71-D, todos do Regimento Interno, e art. 38-G, da Lei Complementar n\u00ba 234\/02.<\/span>&#8211; disp. 12\/12\/2019<\/a><\/p>\n<p style=\"text-align: justify;\"><a href=\"https:\/\/www.tjes.jus.br\/corregedoria\/2019\/12\/12\/resolucao-no-40-2019-disp-12-12-2019\/\">040 &#8211; Reconduzir\u00a0<span lang=\"pt-BR\">o Exm\u00ba Sr. Des. FERNANDO ESTEVAM BRAVIN RUY para o exerc\u00edcio do cargo de SUPERVISOR DOS JUIZADOS ESPECIAIS do Egr\u00e9gio Tribunal de Justi\u00e7a,<\/span><span lang=\"pt-BR\">\u00a0para o Bi\u00eanio\u00a0<\/span><span lang=\"pt-BR\">2020\/2021<\/span><span lang=\"pt-BR\">,\u00a0<\/span><span lang=\"pt-BR\">na forma do art. 10, \u00a77\u00ba, art. 71-A, art. 71-C, todos do Regimento Interno, e art. 38-B, da Lei Complementar n\u00ba 234\/02.<\/span>&#8211; disp. 12\/12\/2019<\/a><\/p>\n<p style=\"text-align: justify;\"><a href=\"https:\/\/www.tjes.jus.br\/corregedoria\/2019\/12\/12\/resolucao-no-39-2019-disp-12-12-2019\/\">039 &#8211; fica Eleito o Exm\u00ba Sr. Desembargador WILLIAN SILVA como DIRETOR-GERAL da Escola da Magistratura do Estado do Esp\u00edrito Santo e o Exm\u00ba Sr. Desembargador\u00a0WALACE PANDOLPHO KIFFER como\u00a0VICE-DIRETOR-GERAL, para o Bi\u00eanio\u00a02020\/2021, nos termos do art. 71-G, do Regimento Interno, e art. 38-T, da Lei Complementar n\u00ba 234\/02.- disp. 12\/12\/2019<\/a><\/p>\n<p style=\"text-align: justify;\"><a href=\"https:\/\/www.tjes.jus.br\/corregedoria\/2019\/12\/12\/resolucao-no-38-2019-disp-12-12-2019\/\">038 &#8211; Reconduzir o Exm\u00ba Sr. Des. EWERTON SCHWAB\u00a0PINTO J\u00daNIOR para o cargo de OUVIDOR JUDICI\u00c1RIO, e a Exm\u00aa Sr\u00aa Des. ELISABETH LORDES como VICE-OUVIDORA JUDICI\u00c1RIA, para o Bi\u00eanio\u00a02020\/2021, nos termos do Artigo 10, \u00a77\u00ba e art. 71-A, do Regimento Interno, e art. 38, da Lei Complementar n\u00ba 234\/02. &#8211; disp. 12\/12\/2019<\/a><\/p>\n<p style=\"text-align: justify;\"><a href=\"https:\/\/www.tjes.jus.br\/corregedoria\/2019\/12\/11\/resolucao-no-37-2019-disp-11-12-2019\/\">037 &#8211; Eleger o Exm\u00ba Sr. Des. ROBSON LUIZ ALBANEZ e o Exm\u00ba Sr. Des. WALACE PANDOLPHO KIFFER para comporem o Egr\u00e9gio CONSELHO DA MAGISTRATURA no Bi\u00eanio 2020\/2021, bem como a Exm\u00aa Sr\u00aa Des\u00aa. JANETE VARGAS SIM\u00d5ES e o Exm\u00ba Sr. Des. JORGE DO NASCIMENTO VIANA como os Suplentes, na forma dos arts. 6\u00ba, 10, \u00a7 1\u00ba, e 56, do Regimento Interno, e art. 34, da Lei Complementar n\u00ba 234\/02. &#8211; disp. 11\/12\/2019<\/a><\/p>\n<p style=\"text-align: justify;\"><a href=\"https:\/\/www.tjes.jus.br\/corregedoria\/2019\/12\/09\/resolucao-no-36-2019-disp-09-12-2019\/\">036 &#8211; Disp\u00f5e sobre o Recesso da Justi\u00e7a no\u00a0Poder Judici\u00e1rio do Estado do Esp\u00edrito Santo no per\u00edodo de 20 de dezembro a 06 de janeiro.\u00a0&#8211; disp. 09\/12\/2019<\/a><\/p>\n<p style=\"text-align: justify;\"><a href=\"https:\/\/www.tjes.jus.br\/corregedoria\/2019\/12\/02\/resolucao-no-34-2019-disp-29-11-2019\/\">034 &#8211; Institui a Pol\u00edtica de Acessibilidade e Inclus\u00e3o do Poder Judici\u00e1rio do Estado do Esp\u00edrito Santo. &#8211; disp. 29\/11\/2019<\/a><\/p>\n<p style=\"text-align: justify;\"><a href=\"https:\/\/www.tjes.jus.br\/corregedoria\/2019\/11\/21\/resolucao-no-33-2019-disp-20-10-2019\/\">033 &#8211; Institui jornada especial de trabalho para magistrados e servidores que possuam c\u00f4njuges ou companheiros com defici\u00eancia, ou que sejam pais de pessoas com defici\u00eancia, e d\u00e1 outras provid\u00eancias.\u00a0&#8211; disp. 20\/11\/2019<\/a> &#8211; <span style=\"color: #ff0000;\"><strong>REVOGADO<\/strong><\/span><\/p>\n<p style=\"text-align: justify;\"><a href=\"https:\/\/www.tjes.jus.br\/corregedoria\/2019\/11\/21\/resolucao-no-32-2019-disp-20-10-2019\/\">032 &#8211; Acresce e altera dispositivos da Resolu\u00e7\u00e3o n\u00ba 09\/2018 que disp\u00f5e sobre a concess\u00e3o de f\u00e9rias regulares dos Magistrados, dispondo sobre prazos, princ\u00edpios e crit\u00e9rios para a elabora\u00e7\u00e3o da escala anual e sua altera\u00e7\u00e3o.\u00a0&#8211; disp. 20\/11\/2019<\/a><\/p>\n<p style=\"text-align: justify;\"><a href=\"https:\/\/www.tjes.jus.br\/corregedoria\/2019\/11\/21\/resolucao-no-31-2019-disp-20-10-2019\/\">031 &#8211; Disp\u00f5e sobre a elei\u00e7\u00e3o de Ju\u00edzes de Direito Diretores de Foros no Poder Judici\u00e1rio do Estado do Esp\u00edrito Santo. &#8211; disp. 20\/11\/2019<\/a><\/p>\n<p style=\"text-align: justify;\"><a href=\"https:\/\/www.tjes.jus.br\/corregedoria\/2019\/10\/16\/resolucao-no-03-2019-disp-15-10-2019\/\">030 &#8211; Ficam eleitos os Exm\u00ba Sr Desembargadores para comporem a MESA DIRETORA do Egr\u00e9gio Tribunal de Justi\u00e7a, no Bi\u00eanio 2020\/2021 na forma do art. 10, \u00a7 1\u00ba, do Regimento Interno, e art. 13, da Lei Complementar n\u00ba 234\/02. &#8211; disp. 15\/10\/2019<\/a><\/p>\n<p style=\"text-align: justify;\"><a href=\"https:\/\/www.tjes.jus.br\/corregedoria\/2019\/10\/16\/resolucao-no-029-2019-disp-14-10-2019\/\">029 &#8211; Altera a denomina\u00e7\u00e3o e a compet\u00eancia da 3\u00aa Vara Criminal do Juizado de Vit\u00f3ria \u2013 Comarca da Capital. &#8211; disp. 14\/10\/2019<\/a><\/p>\n<p style=\"text-align: justify;\"><a href=\"https:\/\/www.tjes.jus.br\/corregedoria\/2019\/10\/16\/resolucao-no-028-2019-disp-14-10-2019\/\">028 &#8211; Altera a denomina\u00e7\u00e3o e a compet\u00eancia da Vara da Fazenda P\u00fablica Estadual, de Registros P\u00fablicos e Meio Ambiente, bem como da Vara da Fazenda P\u00fablica Municipal, Juizado Especial Criminal e Juizado Especial da Fazenda P\u00fablica, ambas da Comarca de Colatina. &#8211; disp. 14\/10\/2019<\/a><\/p>\n<p style=\"text-align: justify;\"><a href=\"https:\/\/www.tjes.jus.br\/corregedoria\/2019\/10\/16\/resolucao-no-27-2019-disp-15-10-2019\/\">027 &#8211; Localizar o Exm\u00ba Sr. Des. SAMUEL MEIRA BRASIL JUNIOR na 1\u00aa C\u00e2mara Criminal, nos termos do artigo 26 do Regimento Interno deste e. Tribunal de Justi\u00e7a, e REMOVER, a pedido, para a 3\u00aa C\u00e2mara C\u00edvel deste Egr\u00e9gio Tribunal de Justi\u00e7a, nos termos do artigo 20 do Regimento Interno deste e. Tribunal de Justi\u00e7a, a partir de 12 de dezembro de 2019. &#8211; disp. 15\/10\/2019<\/a><\/p>\n<p style=\"text-align: justify;\"><a href=\"https:\/\/www.tjes.jus.br\/corregedoria\/2019\/10\/16\/resolucao-no-26-2019-disp-15-10-2019\/\">026 &#8211; Localizar o Exm\u00ba Sr. Des. SERGIO LUIZ TEIXEIRA GAMA na 3\u00aa C\u00e2mara C\u00edvel, nos termos do artigo 26 do Regimento Interno deste e. Tribunal de Justi\u00e7a, e REMOVER, a pedido, para a 2\u00aa C\u00e2mara Criminal deste Egr\u00e9gio Tribunal de Justi\u00e7a, nos termos do artigo 20 do Regimento Interno deste e. Tribunal de Justi\u00e7a, a partir de 12 de dezembro de 2019. &#8211; disp. 15\/10\/2019<\/a><\/p>\n<p style=\"text-align: justify;\"><a href=\"https:\/\/www.tjes.jus.br\/corregedoria\/2019\/10\/16\/resolucao-no-25-2019-disp-15-10-2019\/\">025 &#8211; Ficam eleitos o Exm\u00ba Sr. Des. WILLIAN SILVA e a Exm\u00aa Sr\u00aa. Des. ELIANA JUNQUEIRA MUNH\u00d3S FERREIRA para comporem o Egr\u00e9gio CONSELHO DA MAGISTRATURA no Bi\u00eanio 2020\/2021, bem como a Exm\u00aa Sr\u00aa Des. JANETE VARGAS SIM\u00d5ES e o Exm\u00ba Sr. Des. ROBSON LUIZ ALBANEZ como os Suplentes, na forma dos arts. 6\u00ba, 10, \u00a7 1\u00ba, e 56, do Regimento Interno, e art. 34, da Lei Complementar n\u00ba 234\/02. &#8211; disp. 15\/10\/2019<\/a><\/p>\n<p style=\"text-align: justify;\"><a href=\"https:\/\/www.tjes.jus.br\/corregedoria\/2019\/10\/16\/resolucao-no-24-2019-disp-15-10-2019\/\">024 &#8211; Fica eleito o Exm\u00ba Sr. Desembargador TEL\u00caMACO ANTUNES DE ABREU FILHO como VICE &#8211; CORREGEDOR GERAL DA JUSTI\u00c7A do Egr\u00e9gio Tribunal de Justi\u00e7a para o Bi\u00eanio 2020\/2021, na forma do art. 10, \u00a7 1\u00ba, do Regimento Interno, e art. 13, da Lei Complementar n\u00ba 234\/02. &#8211; disp. 15\/10\/2019<\/a><\/p>\n<p style=\"text-align: justify;\"><a href=\"https:\/\/www.tjes.jus.br\/corregedoria\/2019\/10\/14\/resolucao-no-023-2019-disp-20-09-2019\/\">023 &#8211; Altera a denomina\u00e7\u00e3o e a compet\u00eancia da 13\u00aa Vara C\u00edvel de Vit\u00f3ria. &#8211; disp. 20\/09\/2019<\/a><\/p>\n<p style=\"text-align: justify;\"><a href=\"https:\/\/www.tjes.jus.br\/corregedoria\/2019\/10\/16\/resolucao-no-022-2019-disp-02-09-2019\/\">022 &#8211; Altera o art. 1\u00ba, inciso I, al\u00ednea \u201cd\u201d; o art. 1\u00ba, inciso IV, al\u00ednea \u201ca\u201d; o art. 1\u00ba, inciso VII; o art. 2\u00ba, inciso I; o art. 3\u00ba, inciso VII, todos da Resolu\u00e7\u00e3o n\u00ba 022 de 28 de Junho de 2018. &#8211; disp. 02\/09\/2019<\/a><\/p>\n<p style=\"text-align: justify;\"><a href=\"https:\/\/www.tjes.jus.br\/corregedoria\/2019\/08\/30\/resolucao-no-021-2019-disp-30-08-2019\/\">021 &#8211; Institui a Tabela de Temporalidade Documental (\u00e1rea-meio) editada pelo Conselho Nacional de Justi\u00e7a \u2013 CNJ no \u00e2mbito do Poder Judici\u00e1rio do Estado do Esp\u00edrito Santo. &#8211; disp. 30\/08\/2019<\/a><\/p>\n<p style=\"text-align: justify;\"><a href=\"https:\/\/www.tjes.jus.br\/corregedoria\/2019\/08\/06\/resolucao-no-020-2019-disp-06-08-2019\/\">020 &#8211;\u00a0Fica regulamentado no \u00e2mbito do Poder Judici\u00e1rio do Estado do Esp\u00edrito Santo (PJES) o processo de recrutamento e sele\u00e7\u00e3o de candidatos ao Programa de Est\u00e1gio Remunerado do egr\u00e9gio Tribunal de Justi\u00e7a do Estado do Esp\u00edrito Santo (TJES). &#8211; disp. 06\/08\/2019<\/a><\/p>\n<p style=\"text-align: justify;\"><a href=\"https:\/\/www.tjes.jus.br\/corregedoria\/2019\/07\/08\/resolucao-no-019-2019-disp-08-07-2019\/\">019 &#8211; A atual 13\u00aa Vara C\u00edvel Especializada Empresarial, de Recupera\u00e7\u00e3o Judicial e Fal\u00eancia de Vit\u00f3ria passa a ser denominada 13\u00aa Vara C\u00edvel. &#8211; disp. 08\/07\/2019<\/a>\u00a0<span style=\"color: #ff0000;\"><strong>&#8211; REVOGADA<\/strong><\/span><\/p>\n<p style=\"text-align: justify;\"><a href=\"https:\/\/www.tjes.jus.br\/corregedoria\/2019\/07\/08\/resolucao-no-018-2019-disp-08-07-2019\/\">018 &#8211; Denominar\u00a0 \u201cSala de Audi\u00eancia Desembargadora Catharina Maria Novaes Barcellos\u201d, a Sala concebida para audi\u00eancias da 4\u00aa Vara C\u00edvel da Comarca de Cachoeiro.- disp. 08\/07\/2019<\/a><\/p>\n<p style=\"text-align: justify;\"><a href=\"https:\/\/www.tjes.jus.br\/corregedoria\/2019\/06\/03\/resolucao-no-017-2019-disp-03-06-2019\/\">017 &#8211; Aprova o Plano de Implanta\u00e7\u00e3o do Processo Judicial Eletr\u00f4nico \u2013 PJe no \u00e2mbito do 2\u00ba Grau de Jurisdi\u00e7\u00e3o do Poder Judici\u00e1rio do Estado do Esp\u00edrito Santo. &#8211; disp. 03\/06\/2019<\/a><\/p>\n<p style=\"text-align: justify;\"><a href=\"https:\/\/www.tjes.jus.br\/corregedoria\/2019\/05\/21\/resolucao-no-016-2019-disp-21-05-2019\/\">016 &#8211; <span lang=\"pt-BR\">Referendar<\/span><span lang=\"pt-BR\">a Resolu\u00e7\u00e3o n\u00ba 031\/2018, de 18\/12\/2018, que regulamenta o art. 68, caput, do C\u00f3digo de Organiza\u00e7\u00e3o Judici\u00e1ria do Estado do Esp\u00edrito Santo, com a reda\u00e7\u00e3o dada pela Lei Complementar n\u00ba 900\/2018, de 05\/12\/2018, e reorganiza a compet\u00eancia das Turmas Recursais deste Estado<\/span>. &#8211; disp. 21\/05\/2019<\/a><\/p>\n<p style=\"text-align: justify;\"><a href=\"https:\/\/www.tjes.jus.br\/corregedoria\/2019\/05\/13\/resolucao-no-015-2019-disp-13-05-2019\/\">015 &#8211; Altera dispositivos do Regimento Interno do Colegiado Recursal e da Turma de Uniformiza\u00e7\u00e3o De Interpreta\u00e7\u00e3o de Lei dos Juizados Especiais do Estado do Esp\u00edrito Santo, visando adequ\u00e1-lo aos termos da Lei Complementar Estadual n\u00ba 900, de 04 de dezembro de 2018, dentre outras provid\u00eancias. &#8211; disp. 13\/05\/2019<\/a><\/p>\n<p style=\"text-align: justify;\"><a href=\"https:\/\/www.tjes.jus.br\/corregedoria\/2019\/05\/03\/resolucao-no-014-2019-disp-02-05-2019\/\">014 &#8211; Regulamenta o processo de solicita\u00e7\u00e3o, tr\u00e2mite, aprova\u00e7\u00e3o e aquisi\u00e7\u00e3o de passagens a\u00e9reas no \u00e2mbito do Poder Judici\u00e1rio do Estado do Esp\u00edrito Santo. &#8211; disp. 02\/05\/2019<\/a><\/p>\n<p style=\"text-align: justify;\"><a href=\"https:\/\/www.tjes.jus.br\/corregedoria\/2019\/04\/15\/resolucao-no-013-2019-disp-15-04-2019\/\">013 &#8211;\u00a0Instala\u00e7\u00e3o dos 2\u00ba e 3\u00ba Tabelionatos de Protesto de T\u00edtulos da Comarca de Cachoeiro de Itapemirim &#8211; disp. 15\/04\/2019<\/a><\/p>\n<p><a href=\"https:\/\/www.tjes.jus.br\/corregedoria\/2019\/04\/09\/resolucao-no-012-2019-disp-09-04-2019\/\">012 &#8211;\u00a0<span lang=\"pt-BR\">Aprova a Revis\u00e3o do Planejamento Estrat\u00e9gico do Poder Judici\u00e1rio do Estado do Esp\u00edrito Santo. &#8211; disp. 09\/04\/2019<\/span><\/a><\/p>\n<p style=\"text-align: justify;\"><a href=\"https:\/\/www.tjes.jus.br\/corregedoria\/2019\/03\/28\/resolucao-no-011-2019-disp-28-03-2019\/\">011 &#8211;\u00a0<span lang=\"pt-BR\">Revoga o art. 4\u00ba da Resolu\u00e7\u00e3o n\u00ba 007\/2006 que estabeleceu prazo para ado\u00e7\u00e3o de provid\u00eancias relativas ao armazenamento indevido ou temer\u00e1rio de armas de fogo, acess\u00f3rios e muni\u00e7\u00f5es, no \u00e2mbito da Justi\u00e7a Comum Estadual e institui normas para o encaminhamento desses bens ao Minist\u00e9rio do Ex\u00e9rcito \u2013 38\u00ba Batalh\u00e3o de Infantaria para os devidos fins.<\/span> &#8211; disp. 28\/03\/2019<\/a><\/p>\n<p style=\"text-align: justify;\"><a href=\"https:\/\/www.tjes.jus.br\/corregedoria\/2019\/03\/28\/resolucao-no-010-2019-disp-28-03-2019\/\">010 &#8211;\u00a0Acresce dispositivo \u00e0 Resolu\u00e7\u00e3o n\u00ba 47\/2014 que disp\u00f5e sobre o reequil\u00edbrio da for\u00e7a de trabalho e produtividade das Varas da Fazenda P\u00fablica Estadual, da Vara de Registros P\u00fablicos e da Vara de Fazenda Municipal, todas da Comarca da Capital e determina outras provid\u00eancias. &#8211; disp. 28\/03\/2019<\/a><\/p>\n<p style=\"text-align: justify;\"><a href=\"https:\/\/www.tjes.jus.br\/corregedoria\/2019\/03\/18\/resolucao-no-009-2019-disp-18-03-2019\/\">009 &#8211; <strong>REFERENDAR\u00a0<\/strong>a Resolu\u00e7\u00e3o n\u00ba 007\/2019, de 13\/03\/2019, que decretou luto oficial no Poder Judici\u00e1rio do Estado do ES, por tr\u00eas dias consecutivos, em raz\u00e3o do falecimento do Excelent\u00edssimo Senhor Juiz de Direito Crist\u00f3v\u00e3o de Souza Pimenta.- disp. 18\/03\/2019<\/a><\/p>\n<p style=\"text-align: justify;\"><a href=\"https:\/\/www.tjes.jus.br\/corregedoria\/2019\/03\/18\/resolucao-no-008-2019-disp-18-03-2019\/\">008 &#8211;\u00a0<span lang=\"pt-BR\"><strong>REFERENDAR\u00a0<\/strong><\/span><span lang=\"pt-BR\">a\u00a0<\/span><span lang=\"pt-BR\">Resolu\u00e7\u00e3o\u00a0<\/span><span lang=\"pt-BR\">n\u00ba\u00a0<\/span><span lang=\"pt-BR\">005\/2019<\/span><span lang=\"pt-BR\">,\u00a0<\/span><span lang=\"pt-BR\">de 12\/03\/2019,\u00a0<\/span><span lang=\"pt-BR\">que\u00a0<\/span><span lang=\"pt-BR\">suspen<\/span><span lang=\"pt-BR\">de\u00a0<\/span><span lang=\"pt-BR\">as f\u00e9rias dos Magistrados por imperiosa necessidade de servi\u00e7o.<\/span> &#8211; disp. 18\/03\/2019<\/a><\/p>\n<p style=\"text-align: justify;\"><a href=\"https:\/\/www.tjes.jus.br\/corregedoria\/2019\/03\/13\/resolucao-no-007-2019-disp-13-03-2019\/\">007 &#8211;\u00a0DECRETAR luto oficial no Poder Judici\u00e1rio do Estado do Esp\u00edrito Santo, por 03 (tr\u00eas) dias consecutivos, em raz\u00e3o do falecimento do Excelent\u00edssimo Senhor Juiz de Direito CRIST\u00d3V\u00c3O DE SOUZA PIMENTA. &#8211; disp. 13\/03\/2019<\/a><\/p>\n<p style=\"text-align: justify;\"><a href=\"https:\/\/www.tjes.jus.br\/corregedoria\/2019\/02\/26\/resolucao-no-006-2019-disp-26-02-2019\/\">006 &#8211;\u00a0Disp\u00f5e sobre a autoriza\u00e7\u00e3o da Escola Superior da Magistratura do Estado do Esp\u00edrito Santo \u2013 ESMAGES para organizar e ministrar cursos de forma\u00e7\u00e3o e aperfei\u00e7oamento de Magistrados integrantes do Poder Judici\u00e1rio do Estado do Esp\u00edrito Santo. &#8211; disp. 26\/02\/2019<\/a><\/p>\n<p style=\"text-align: justify;\"><a href=\"https:\/\/www.tjes.jus.br\/corregedoria\/2019\/02\/26\/resolucao-no-005-2019-disp-26-02-2019\/\">005 &#8211;\u00a0ALTERA o par\u00e1grafo \u00fanico do art. 1\u00ba da Resolu\u00e7\u00e3o n\u00ba 20\/2016 do Egr\u00e9gio Tribunal de Justi\u00e7a do Estado do Esp\u00edrito Santo, que disp\u00f5e sobre a concess\u00e3o de licen\u00e7a paternidade. &#8211; disp. 26\/02\/2019<\/a><\/p>\n<p style=\"text-align: justify;\"><a href=\"https:\/\/www.tjes.jus.br\/corregedoria\/2019\/02\/26\/resolucao-no-004-2019-disp-26-02-2019\/\">004 &#8211;\u00a0<span lang=\"pt-BR\">Reajustar em 10% (dez por cento) o valor do aux\u00edlio-sa\u00fade concedido aos Servidores do Poder Judici\u00e1rio do Estado do Esp\u00edrito Santo, na forma do Anexo I da presente Resolu\u00e7\u00e3o.<\/span> &#8211; disp. 26\/02\/2019<\/a><\/p>\n<p style=\"text-align: justify;\"><a href=\"https:\/\/www.tjes.jus.br\/corregedoria\/2019\/02\/26\/resolucao-no-003-2019-disp-26-02-2019\/\">003 &#8211;\u00a0Fica estabelecido que o valor do vale-alimenta\u00e7\u00e3o concedido aos servidores do Poder Judici\u00e1rio do Estado do Esp\u00edrito Santo ser\u00e1 de R$ 54,31 (cinquenta e quatro reais e trinta e um centavos) por vale. &#8211; disp. 26\/02\/2019<\/a><\/p>\n<p style=\"text-align: justify;\"><a href=\"https:\/\/www.tjes.jus.br\/corregedoria\/2019\/02\/05\/resolucao-no-002-2019-disp-05-02-2019\/\">002 &#8211;\u00a0<strong><span lang=\"pt-BR\">PERMUTAR<\/span><\/strong><strong><span lang=\"pt-BR\">, entre si,\u00a0<\/span><\/strong><span lang=\"pt-BR\">o Exm\u00ba Sr.\u00a0<\/span><span lang=\"pt-BR\">Andr\u00e9 Guasti Motta, Juiz de Direito Titular da 1\u00aa Vara Criminal e a Exma Sra. Simone Tedoldi Ribeiro, Ju\u00edza de Direito Titular da 2<\/span><sup><span lang=\"pt-BR\">a<\/span><\/sup><span lang=\"pt-BR\">\u00a0Vara Criminal, ambos da Comarca de Colatina.<\/span> &#8211; disp. 05\/02\/2019<\/a><\/p>\n<p style=\"text-align: justify;\"><a href=\"https:\/\/www.tjes.jus.br\/corregedoria\/2019\/02\/05\/resolucao-no-001-2019-disp-05-02-2019\/\">001 &#8211;\u00a0<strong>DE<\/strong><strong>NOMINAR\u00a0<\/strong><strong>\u201c<\/strong><strong>Brinquedoteca Jenifer Vit\u00f3ria Dias Morais\u201d, a\u00a0<\/strong><strong>S<\/strong><strong>ala\u00a0<\/strong>concebida para brinquedoteca na Vara da Inf\u00e2ncia e Juventude da Comarca de\u00a0Colatina. &#8211; disp. 05\/02\/2019<\/a><\/p>\n","protected":false},"excerpt":{"rendered":"<p>047 &#8211; Reconduzir a Exm\u00aa Sr\u00aa Des. JANETE VARGAS SIM\u00d5ES\u00a0para o\u00a0cargo de SUPERVISORA DO N\u00daCLEO DE M\u00c9TODOS CONSENSUAIS DE SOLU\u00c7\u00c3O DE CONFLITOS do Egr\u00e9gio Tribunal de Justi\u00e7a, no Bi\u00eanio de\u00a02020\/2021,na forma do art. 38-Y, da Lei Complementar n\u00ba 234\/02, e art. 5\u00ba, da Lei Complementar n\u00ba 566\/10..&#8211; disp. 12\/12\/2019 046 &#8211; Reconduzir\u00a0o Exm\u00ba Sr. Des. [&hellip;]<\/p>\n","protected":false},"author":9,"featured_media":0,"parent":4580,"menu_order":0,"comment_status":"closed","ping_status":"closed","template":"","meta":{"footnotes":""},"_links":{"self":[{"href":"https:\/\/www.tjes.jus.br\/corregedoria\/wp-json\/wp\/v2\/pages\/26089"}],"collection":[{"href":"https:\/\/www.tjes.jus.br\/corregedoria\/wp-json\/wp\/v2\/pages"}],"about":[{"href":"https:\/\/www.tjes.jus.br\/corregedoria\/wp-json\/wp\/v2\/types\/page"}],"author":[{"embeddable":true,"href":"https:\/\/www.tjes.jus.br\/corregedoria\/wp-json\/wp\/v2\/users\/9"}],"replies":[{"embeddable":true,"href":"https:\/\/www.tjes.jus.br\/corregedoria\/wp-json\/wp\/v2\/comments?post=26089"}],"version-history":[{"count":33,"href":"https:\/\/www.tjes.jus.br\/corregedoria\/wp-json\/wp\/v2\/pages\/26089\/revisions"}],"predecessor-version":[{"id":39285,"href":"https:\/\/www.tjes.jus.br\/corregedoria\/wp-json\/wp\/v2\/pages\/26089\/revisions\/39285"}],"up":[{"embeddable":true,"href":"https:\/\/www.tjes.jus.br\/corregedoria\/wp-json\/wp\/v2\/pages\/4580"}],"wp:attachment":[{"href":"https:\/\/www.tjes.jus.br\/corregedoria\/wp-json\/wp\/v2\/media?parent=26089"}],"curies":[{"name":"wp","href":"https:\/\/api.w.org\/{rel}","templated":true}]}}