{"id":26102,"date":"2019-02-06T16:12:50","date_gmt":"2019-02-06T18:12:50","guid":{"rendered":"https:\/\/www.tjes.jus.br\/corregedoria\/?page_id=26102"},"modified":"2019-02-13T17:28:52","modified_gmt":"2019-02-13T19:28:52","slug":"decisoes-da-corregedoria","status":"publish","type":"page","link":"https:\/\/www.tjes.jus.br\/corregedoria\/decisoes-da-corregedoria\/","title":{"rendered":"Decis\u00f5es da Corregedoria"},"content":{"rendered":"<p><strong>1 &#8211; PROCESSO N\u00ba:<\/strong> <a href=\"https:\/\/www.tjes.jus.br\/corregedoria\/wp-content\/uploads\/2019\/02\/0237-201600407811-MM-Jos\u00e9-Borges-Teixeira-Junior-Juiz-Diretor-do-Foro-de-Concei\u00e7\u00e3o-de-Castelo.pdf\">201600407811<\/a><\/p>\n<p><strong>REQUERENTE:<\/strong> INSTITUTO DE ESTUDOS DE PROTESTOS DO BRASIL &#8211;\u00a0SE\u00c7\u00c3O ESP\u00cdRITO SANTO<\/p>\n<p><strong>REQUERIDO:<\/strong> JORGE ALESSANDRO DE ANDRADE CAVALCANTI<\/p>\n<p><strong>ASSUNTO:<\/strong> RECLAMA\u00c7\u00c3O CONTRA DELEGAT\u00c1RIO<\/p>\n<p>&nbsp;<\/p>\n<p><strong>2 &#8211; PROCESSO N\u00ba:<\/strong> <a href=\"https:\/\/www.tjes.jus.br\/corregedoria\/wp-content\/uploads\/2019\/02\/0933-201701485138-JO\u00c3O-BOSCO-PINTO-MARTINS.pdf\">201701485138<\/a><\/p>\n<p><strong>REQUERENTE:<\/strong> CORREGEDORIA GERAL DA JUSTI\u00c7A DO ESTADO DO ESP\u00cdRITO SANTO<\/p>\n<p><strong>REQUERIDO:<\/strong> JO\u00c3O BOSCO PINTO MARTINS, DELEGAT\u00c1RIO TITULAR DO CART\u00d3RIO DE 3\u00b0 OF\u00cdCIO DE NOTAS DA COMARCA DE S\u00c3O MATEUS\/ES<\/p>\n<p><strong>ASSUNTO:<\/strong> RECLAMA\u00c7\u00c3O CONTRA DELEGAT\u00c1RIO.<\/p>\n<p>&nbsp;<\/p>\n<p><strong>3 &#8211; PROCESSO N\u00b0:<\/strong> <a href=\"https:\/\/www.tjes.jus.br\/corregedoria\/wp-content\/uploads\/2019\/02\/0158-201701300457-SINDIJUDICIARIO-ES.pdf\">2017.01.301.457<\/a><\/p>\n<p>REQUERENTE: SINDJUDICI\u00c1RIOS\/ES &#8211; SINDICATO DOS SERVIDORES DO PODER JUDICI\u00c1RIO NO ESTADO DO ESP\u00cdRITO SANTO<\/p>\n<p>ASSUNTO: PEDIDO DE PROVID\u00caNCIAS<\/p>\n<p>&nbsp;<\/p>\n<p><strong>4 &#8211; PROCESSO N\u00ba:<\/strong> <a href=\"https:\/\/www.tjes.jus.br\/corregedoria\/wp-content\/uploads\/2019\/02\/0165-201701809251-Fabricio-Xavier-Bongestab.pdf\">201701809251<\/a><\/p>\n<p>REQUERENTE: FABR\u00cdCIO XAVIER BONGESTAB<\/p>\n<p>REQUERIDO: CART\u00d3RIO DO 3\u00b0 OF\u00cdCIO DE NOTAS DE VIT\u00d3RIA\/ES<\/p>\n<p>ASSUNTO: RECLAMA\u00c7\u00c3O CONTRA CART\u00d3RIOS<\/p>\n<p>&nbsp;<\/p>\n<p><strong>5 &#8211; PROCESSO N\u00ba:<\/strong> <a href=\"https:\/\/www.tjes.jus.br\/corregedoria\/wp-content\/uploads\/2019\/02\/0149-201701166447-Olga-M\u00f4nico.pdf\">201701166447<\/a><\/p>\n<p><strong>REQUERENTE:<\/strong> CORREGEDORIA GERAL DA JUSTI\u00c7A DO ES<\/p>\n<p><strong>REQUERIDA:<\/strong> OLGA M\u00d4NICO<\/p>\n<p><strong>ASSUNTO:<\/strong> RECLAMA\u00c7\u00c3O CONTRA DELEGAT\u00c1RIO<\/p>\n<p>&nbsp;<\/p>\n<p><strong>6 &#8211; PROCESSO N\u00b0:\u00a0<\/strong><a href=\"https:\/\/www.tjes.jus.br\/corregedoria\/wp-content\/uploads\/2019\/02\/0806-201500067467-MARIA-AM\u00c1LIA-PEREIRA-DOS-ANJOS.pdf\">201500067467\u00a0<\/a><\/p>\n<p><strong>REQUERENTE:\u00a0<\/strong>ASSESSORIA DE PLANEJAMENTO E FISCALIZA\u00c7\u00c3O<\/p>\n<p><strong>REQUERIDO:\u00a0<\/strong>MARIA AM\u00c1LIA PEREIRA DOS ANJOS<\/p>\n<p><strong>ASSUNTO:\u00a0<\/strong>RECLAMA\u00c7\u00c3O CONTRA DELEGAT\u00c1RIO<\/p>\n<p>&nbsp;<\/p>\n<p><strong>7 &#8211; PROCESSO N\u00b0:\u00a0<\/strong><a href=\"https:\/\/www.tjes.jus.br\/corregedoria\/wp-content\/uploads\/2019\/02\/0817-201501419372-OLGA-M\u00d4NICO.pdf\">201501419372<\/a><\/p>\n<p><strong>REQUERENTE:\u00a0<\/strong>CORREGEDORIA GERAL DE JUSTI\u00c7A<\/p>\n<p><strong>REQUERIDO:\u00a0<\/strong>OLGA M\u00d4NICO, DELEGAT\u00c1RIA DO CART\u00d3RIO DF: REGISTRO\u00a0CIVIL COM TABELIONATO DE NOTAS DE SANTA J\u00daLIA, COMARCA DE\u00a0SANTA TERESA\/ES.<\/p>\n<p><strong>ASSUNTO:\u00a0<\/strong>RECLAMA\u00c7\u00c3O CONTRA DELEGAT\u00c1RIO<\/p>\n<p>&nbsp;<\/p>\n<p><strong>8 &#8211; PROCESSO N\u00b0:\u00a0<\/strong><a href=\"https:\/\/www.tjes.jus.br\/corregedoria\/wp-content\/uploads\/2019\/02\/0685-201800088556-CART\u00d3RIO-DO-1-OFICIO-DA-SEDE-DE-BAIXO-GUANDUES.pdf\">201800088556<\/a><\/p>\n<p><strong>REQUERENTE:\u00a0<\/strong>CORREGEDORIA GERAL DA JUSTI\u00c7A DO ES<\/p>\n<p><strong>REQUERIDO:\u00a0<\/strong>CART\u00d3RIO DO 1\u00b0 OFICIO E CART\u00d3RIO DE REGISTRO CIVIL E TABELIONATO DA SEDE DE BAIXO GUANDU\/ES<\/p>\n<p><strong>ASSUNTO:<\/strong>\u00a0\u00a0PEDIDO DE PROVID\u00caNCIAS<\/p>\n<p>&nbsp;<\/p>\n<p><strong>9 &#8211; PROCESSO N\u00ba:<\/strong> <a href=\"https:\/\/www.tjes.jus.br\/corregedoria\/wp-content\/uploads\/2019\/02\/0688-201800501692-Prefeitura-de-Cabo-Frio-RJ.pdf\">201800501692<\/a><br \/>\n<strong>REQUERENTE:<\/strong> PREFEITURA DE CABO FRIOIRJ &#8211; COMIT\u00ca GESTOR PARA ERRADICA\u00c7\u00c3O DO SUB-REGISTRO CIVIL DE NASCIMENTO E AMPLIA\u00c7\u00c3O DO ACESSO A DOCUMENTA\u00c7\u00c3O CIVIL B\u00c1SICA.<strong><br \/>\nASSUNTO:<\/strong> BUSCA DE REGISTRO CIVIL.<\/p>\n","protected":false},"excerpt":{"rendered":"<p>1 &#8211; PROCESSO N\u00ba: 201600407811 REQUERENTE: INSTITUTO DE ESTUDOS DE PROTESTOS DO BRASIL &#8211;\u00a0SE\u00c7\u00c3O ESP\u00cdRITO SANTO REQUERIDO: JORGE ALESSANDRO DE ANDRADE CAVALCANTI ASSUNTO: RECLAMA\u00c7\u00c3O CONTRA DELEGAT\u00c1RIO &nbsp; 2 &#8211; PROCESSO N\u00ba: 201701485138 REQUERENTE: CORREGEDORIA GERAL DA JUSTI\u00c7A DO ESTADO DO ESP\u00cdRITO SANTO REQUERIDO: JO\u00c3O BOSCO PINTO MARTINS, DELEGAT\u00c1RIO TITULAR DO CART\u00d3RIO DE 3\u00b0 OF\u00cdCIO DE [&hellip;]<\/p>\n","protected":false},"author":8,"featured_media":0,"parent":0,"menu_order":0,"comment_status":"closed","ping_status":"closed","template":"","meta":{"footnotes":""},"_links":{"self":[{"href":"https:\/\/www.tjes.jus.br\/corregedoria\/wp-json\/wp\/v2\/pages\/26102"}],"collection":[{"href":"https:\/\/www.tjes.jus.br\/corregedoria\/wp-json\/wp\/v2\/pages"}],"about":[{"href":"https:\/\/www.tjes.jus.br\/corregedoria\/wp-json\/wp\/v2\/types\/page"}],"author":[{"embeddable":true,"href":"https:\/\/www.tjes.jus.br\/corregedoria\/wp-json\/wp\/v2\/users\/8"}],"replies":[{"embeddable":true,"href":"https:\/\/www.tjes.jus.br\/corregedoria\/wp-json\/wp\/v2\/comments?post=26102"}],"version-history":[{"count":11,"href":"https:\/\/www.tjes.jus.br\/corregedoria\/wp-json\/wp\/v2\/pages\/26102\/revisions"}],"predecessor-version":[{"id":26105,"href":"https:\/\/www.tjes.jus.br\/corregedoria\/wp-json\/wp\/v2\/pages\/26102\/revisions\/26105"}],"wp:attachment":[{"href":"https:\/\/www.tjes.jus.br\/corregedoria\/wp-json\/wp\/v2\/media?parent=26102"}],"curies":[{"name":"wp","href":"https:\/\/api.w.org\/{rel}","templated":true}]}}

Decisões da Corregedoria

<p><strong>1 &#8211; PROCESSO Nº:</strong> <a href="https://www.tjes.jus.br/corregedoria/wp-content/uploads/2019/02/0237-201600407811-MM-José-Borges-Teixeira-Junior-Juiz-Diretor-do-Foro-de-Conceição-de-Castelo.pdf">201600407811</a></p>
<p><strong>REQUERENTE:</strong> INSTITUTO DE ESTUDOS DE PROTESTOS DO BRASIL &#8211; SEÇÃO ESPÍRITO SANTO</p>
<p><strong>REQUERIDO:</strong> JORGE ALESSANDRO DE ANDRADE CAVALCANTI</p>
<p><strong>ASSUNTO:</strong> RECLAMAÇÃO CONTRA DELEGATÁRIO</p>
<p>&nbsp;</p>
<p><strong>2 &#8211; PROCESSO Nº:</strong> <a href="https://www.tjes.jus.br/corregedoria/wp-content/uploads/2019/02/0933-201701485138-JOÃO-BOSCO-PINTO-MARTINS.pdf">201701485138</a></p>
<p><strong>REQUERENTE:</strong> CORREGEDORIA GERAL DA JUSTIÇA DO ESTADO DO ESPÍRITO SANTO</p>
<p><strong>REQUERIDO:</strong> JOÃO BOSCO PINTO MARTINS, DELEGATÁRIO TITULAR DO CARTÓRIO DE 3° OFÍCIO DE NOTAS DA COMARCA DE SÃO MATEUS/ES</p>
<p><strong>ASSUNTO:</strong> RECLAMAÇÃO CONTRA DELEGATÁRIO.</p>
<p>&nbsp;</p>
<p><strong>3 &#8211; PROCESSO N°:</strong> <a href="https://www.tjes.jus.br/corregedoria/wp-content/uploads/2019/02/0158-201701300457-SINDIJUDICIARIO-ES.pdf">2017.01.301.457</a></p>
<p>REQUERENTE: SINDJUDICIÁRIOS/ES &#8211; SINDICATO DOS SERVIDORES DO PODER JUDICIÁRIO NO ESTADO DO ESPÍRITO SANTO</p>
<p>ASSUNTO: PEDIDO DE PROVIDÊNCIAS</p>
<p>&nbsp;</p>
<p><strong>4 &#8211; PROCESSO Nº:</strong> <a href="https://www.tjes.jus.br/corregedoria/wp-content/uploads/2019/02/0165-201701809251-Fabricio-Xavier-Bongestab.pdf">201701809251</a></p>
<p>REQUERENTE: FABRÍCIO XAVIER BONGESTAB</p>
<p>REQUERIDO: CARTÓRIO DO 3° OFÍCIO DE NOTAS DE VITÓRIA/ES</p>
<p>ASSUNTO: RECLAMAÇÃO CONTRA CARTÓRIOS</p>
<p>&nbsp;</p>
<p><strong>5 &#8211; PROCESSO Nº:</strong> <a href="https://www.tjes.jus.br/corregedoria/wp-content/uploads/2019/02/0149-201701166447-Olga-Mônico.pdf">201701166447</a></p>
<p><strong>REQUERENTE:</strong> CORREGEDORIA GERAL DA JUSTIÇA DO ES</p>
<p><strong>REQUERIDA:</strong> OLGA MÔNICO</p>
<p><strong>ASSUNTO:</strong> RECLAMAÇÃO CONTRA DELEGATÁRIO</p>
<p>&nbsp;</p>
<p><strong>6 &#8211; PROCESSO N°: </strong><a href="https://www.tjes.jus.br/corregedoria/wp-content/uploads/2019/02/0806-201500067467-MARIA-AMÁLIA-PEREIRA-DOS-ANJOS.pdf">201500067467 </a></p>
<p><strong>REQUERENTE: </strong>ASSESSORIA DE PLANEJAMENTO E FISCALIZAÇÃO</p>
<p><strong>REQUERIDO: </strong>MARIA AMÁLIA PEREIRA DOS ANJOS</p>
<p><strong>ASSUNTO: </strong>RECLAMAÇÃO CONTRA DELEGATÁRIO</p>
<p>&nbsp;</p>
<p><strong>7 &#8211; PROCESSO N°: </strong><a href="https://www.tjes.jus.br/corregedoria/wp-content/uploads/2019/02/0817-201501419372-OLGA-MÔNICO.pdf">201501419372</a></p>
<p><strong>REQUERENTE: </strong>CORREGEDORIA GERAL DE JUSTIÇA</p>
<p><strong>REQUERIDO: </strong>OLGA MÔNICO, DELEGATÁRIA DO CARTÓRIO DF: REGISTRO CIVIL COM TABELIONATO DE NOTAS DE SANTA JÚLIA, COMARCA DE SANTA TERESA/ES.</p>
<p><strong>ASSUNTO: </strong>RECLAMAÇÃO CONTRA DELEGATÁRIO</p>
<p>&nbsp;</p>
<p><strong>8 &#8211; PROCESSO N°: </strong><a href="https://www.tjes.jus.br/corregedoria/wp-content/uploads/2019/02/0685-201800088556-CARTÓRIO-DO-1-OFICIO-DA-SEDE-DE-BAIXO-GUANDUES.pdf">201800088556</a></p>
<p><strong>REQUERENTE: </strong>CORREGEDORIA GERAL DA JUSTIÇA DO ES</p>
<p><strong>REQUERIDO: </strong>CARTÓRIO DO 1° OFICIO E CARTÓRIO DE REGISTRO CIVIL E TABELIONATO DA SEDE DE BAIXO GUANDU/ES</p>
<p><strong>ASSUNTO:</strong>  PEDIDO DE PROVIDÊNCIAS</p>
<p>&nbsp;</p>
<p><strong>9 &#8211; PROCESSO Nº:</strong> <a href="https://www.tjes.jus.br/corregedoria/wp-content/uploads/2019/02/0688-201800501692-Prefeitura-de-Cabo-Frio-RJ.pdf">201800501692</a><br />
<strong>REQUERENTE:</strong> PREFEITURA DE CABO FRIOIRJ &#8211; COMITÊ GESTOR PARA ERRADICAÇÃO DO SUB-REGISTRO CIVIL DE NASCIMENTO E AMPLIAÇÃO DO ACESSO A DOCUMENTAÇÃO CIVIL BÁSICA.<strong><br />
ASSUNTO:</strong> BUSCA DE REGISTRO CIVIL.</p>

<p>1 &#8211; PROCESSO Nº: 201600407811 REQUERENTE: INSTITUTO DE ESTUDOS DE PROTESTOS DO BRASIL &#8211; SEÇÃO ESPÍRITO SANTO REQUERIDO: JORGE ALESSANDRO DE ANDRADE CAVALCANTI ASSUNTO: RECLAMAÇÃO CONTRA DELEGATÁRIO &nbsp; 2 &#8211; PROCESSO Nº: 201701485138 REQUERENTE: CORREGEDORIA GERAL DA JUSTIÇA DO ESTADO DO ESPÍRITO SANTO REQUERIDO: JOÃO BOSCO PINTO MARTINS, DELEGATÁRIO TITULAR DO CARTÓRIO DE 3° OFÍCIO DE [&hellip;]</p>
