{"id":28779,"date":"2020-01-09T15:59:45","date_gmt":"2020-01-09T17:59:45","guid":{"rendered":"https:\/\/www.tjes.jus.br\/corregedoria\/?page_id=28779"},"modified":"2020-02-04T14:03:51","modified_gmt":"2020-02-04T16:03:51","slug":"despesas-e-indenizacao-de-oficial-de-justica","status":"publish","type":"page","link":"https:\/\/www.tjes.jus.br\/corregedoria\/despesas-e-indenizacao-de-oficial-de-justica\/","title":{"rendered":"Despesas e Indeniza\u00e7\u00e3o de Oficial de Justi\u00e7a"},"content":{"rendered":"<ul>\n<li><a href=\"https:\/\/www.tjes.jus.br\/corregedoria\/wp-content\/uploads\/2020\/02\/1-Resolu\u00e7\u00e3o-TJES-n\u00ba-003_2020.pdf\">Resolu\u00e7\u00e3o TJES n\u00ba 03\/2020<\/a><\/li>\n<li><a href=\"https:\/\/www.tjes.jus.br\/corregedoria\/wp-content\/uploads\/2020\/01\/3-Resolu\u00e7\u00e3o-TJES-n\u00ba-072_2015.pdf\">Resolu\u00e7\u00e3o TJES n\u00ba 072\/2015<\/a><\/li>\n<li><a href=\"https:\/\/www.tjes.jus.br\/corregedoria\/wp-content\/uploads\/2020\/01\/4-Resolu\u00e7\u00e3o-TJES-n\u00ba-062_2014.pdf\">Resolu\u00e7\u00e3o TJES n\u00ba 062\/2014<\/a><\/li>\n<li><a href=\"https:\/\/www.tjes.jus.br\/corregedoria\/wp-content\/uploads\/2020\/01\/2-Resolu\u00e7\u00e3o-TJES-n\u00ba-074_2013.pdf\">Resolu\u00e7\u00e3o TJES n\u00ba 074\/2013<\/a><\/li>\n<li><a href=\"https:\/\/www.tjes.jus.br\/corregedoria\/wp-content\/uploads\/2020\/01\/5-Resolu\u00e7\u00e3o-TJES-n\u00ba-013_2013.pdf\">Resolu\u00e7\u00e3o TJES n\u00ba 013\/2013<\/a><\/li>\n<li><a href=\"https:\/\/www.tjes.jus.br\/corregedoria\/wp-content\/uploads\/2020\/01\/1-Resolu\u00e7\u00e3o-CNJ-n\u00ba-153_2012.pdf\">Resolu\u00e7\u00e3o CNJ n\u00ba 153\/2012<\/a><\/li>\n<\/ul>\n","protected":false},"excerpt":{"rendered":"<p>Resolu\u00e7\u00e3o TJES n\u00ba 03\/2020 Resolu\u00e7\u00e3o TJES n\u00ba 072\/2015 Resolu\u00e7\u00e3o TJES n\u00ba 062\/2014 Resolu\u00e7\u00e3o TJES n\u00ba 074\/2013 Resolu\u00e7\u00e3o TJES n\u00ba 013\/2013 Resolu\u00e7\u00e3o CNJ n\u00ba 153\/2012<\/p>\n","protected":false},"author":12,"featured_media":0,"parent":0,"menu_order":0,"comment_status":"closed","ping_status":"closed","template":"","meta":{"footnotes":""},"_links":{"self":[{"href":"https:\/\/www.tjes.jus.br\/corregedoria\/wp-json\/wp\/v2\/pages\/28779"}],"collection":[{"href":"https:\/\/www.tjes.jus.br\/corregedoria\/wp-json\/wp\/v2\/pages"}],"about":[{"href":"https:\/\/www.tjes.jus.br\/corregedoria\/wp-json\/wp\/v2\/types\/page"}],"author":[{"embeddable":true,"href":"https:\/\/www.tjes.jus.br\/corregedoria\/wp-json\/wp\/v2\/users\/12"}],"replies":[{"embeddable":true,"href":"https:\/\/www.tjes.jus.br\/corregedoria\/wp-json\/wp\/v2\/comments?post=28779"}],"version-history":[{"count":6,"href":"https:\/\/www.tjes.jus.br\/corregedoria\/wp-json\/wp\/v2\/pages\/28779\/revisions"}],"predecessor-version":[{"id":29132,"href":"https:\/\/www.tjes.jus.br\/corregedoria\/wp-json\/wp\/v2\/pages\/28779\/revisions\/29132"}],"wp:attachment":[{"href":"https:\/\/www.tjes.jus.br\/corregedoria\/wp-json\/wp\/v2\/media?parent=28779"}],"curies":[{"name":"wp","href":"https:\/\/api.w.org\/{rel}","templated":true}]}}