{"id":31098,"date":"2021-02-09T14:40:29","date_gmt":"2021-02-09T16:40:29","guid":{"rendered":"https:\/\/www.tjes.jus.br\/corregedoria\/?page_id=31098"},"modified":"2026-01-19T13:59:22","modified_gmt":"2026-01-19T16:59:22","slug":"relacao-dos-servicos-notariais-e-registrais","status":"publish","type":"page","link":"https:\/\/www.tjes.jus.br\/corregedoria\/relacao-dos-servicos-notariais-e-registrais\/","title":{"rendered":"Rela\u00e7\u00e3o dos Servi\u00e7os Notariais e Registrais"},"content":{"rendered":"<ul>\n<li><a href=\"http:\/\/www.cnj.jus.br\/corregedoria\/justica_aberta\/\" target=\"_blank\" rel=\"noopener noreferrer\">CNJ:\u00a0Justi\u00e7a Aberta &#8211; Relat\u00f3rios de Produtividade dos Servi\u00e7os Notariais e Registrais<\/a>\u00a0<strong><strong>(Link externo)<\/strong><\/strong><\/li>\n<li><a href=\"https:\/\/www.tjes.jus.br\/corregedoria\/wp-content\/uploads\/2026\/01\/SERVENTIAS-EXTRAJUDICIAIS-ENDERECOS-ATUALIZADA-16_01_2026.pdf\" target=\"_blank\" rel=\"noopener\">Endere\u00e7os &#8211; Servi\u00e7os Notariais e Registrais<\/a><span style=\"color: #ff0000;\"><strong>(NOVO &#8211; Disponibilizado em 16\/01\/2026)<\/strong><\/span><\/li>\n<\/ul>\n","protected":false},"excerpt":{"rendered":"<p>CNJ:\u00a0Justi\u00e7a Aberta &#8211; Relat\u00f3rios de Produtividade dos Servi\u00e7os Notariais e Registrais\u00a0(Link externo) Endere\u00e7os &#8211; Servi\u00e7os Notariais e Registrais(NOVO &#8211; Disponibilizado em 16\/01\/2026)<\/p>\n","protected":false},"author":8,"featured_media":0,"parent":0,"menu_order":0,"comment_status":"closed","ping_status":"closed","template":"","meta":{"footnotes":""},"_links":{"self":[{"href":"https:\/\/www.tjes.jus.br\/corregedoria\/wp-json\/wp\/v2\/pages\/31098"}],"collection":[{"href":"https:\/\/www.tjes.jus.br\/corregedoria\/wp-json\/wp\/v2\/pages"}],"about":[{"href":"https:\/\/www.tjes.jus.br\/corregedoria\/wp-json\/wp\/v2\/types\/page"}],"author":[{"embeddable":true,"href":"https:\/\/www.tjes.jus.br\/corregedoria\/wp-json\/wp\/v2\/users\/8"}],"replies":[{"embeddable":true,"href":"https:\/\/www.tjes.jus.br\/corregedoria\/wp-json\/wp\/v2\/comments?post=31098"}],"version-history":[{"count":30,"href":"https:\/\/www.tjes.jus.br\/corregedoria\/wp-json\/wp\/v2\/pages\/31098\/revisions"}],"predecessor-version":[{"id":45979,"href":"https:\/\/www.tjes.jus.br\/corregedoria\/wp-json\/wp\/v2\/pages\/31098\/revisions\/45979"}],"wp:attachment":[{"href":"https:\/\/www.tjes.jus.br\/corregedoria\/wp-json\/wp\/v2\/media?parent=31098"}],"curies":[{"name":"wp","href":"https:\/\/api.w.org\/{rel}","templated":true}]}}