{"id":33801,"date":"2022-04-18T12:54:54","date_gmt":"2022-04-18T15:54:54","guid":{"rendered":"https:\/\/www.tjes.jus.br\/corregedoria\/?page_id=33801"},"modified":"2022-04-18T12:57:03","modified_gmt":"2022-04-18T15:57:03","slug":"modelo-de-relatorio-de-inspecao-extrajudicial-2018","status":"publish","type":"page","link":"https:\/\/www.tjes.jus.br\/corregedoria\/modelo-de-relatorio-de-inspecao-extrajudicial-2018\/","title":{"rendered":"Modelo de Relat\u00f3rio de Inspe\u00e7\u00e3o Extrajudicial &#8211; 2018\u00a0"},"content":{"rendered":"<div>\n<h3 style=\"text-align: justify; padding-left: 30px;\">Modelo de Relat\u00f3rio de Inspe\u00e7\u00e3o Extrajudicial<strong> (<span style=\"color: #ff0000;\">Utilizado at\u00e9 o ano de 2018<\/span>)\u00a0<\/strong><\/h3>\n<p>&nbsp;<\/p>\n<\/div>\n<div style=\"padding-left: 30px; text-align: justify;\"><strong><a href=\"https:\/\/www.tjes.jus.br\/corregedoria\/2017\/10\/18\/oficio-circular-cgjes-no-0192012-publ-16032012\/\" target=\"_blank\" rel=\"noopener\">Of\u00edcio Circular n\u00ba 019\/2012<\/a><a href=\"https:\/\/www.tjes.jus.br\/PDF\/arquivoscgjes\/normasinternas\/provimentos\/2015\/Provimento_29-2015.pdf\">\u00a0<\/a><\/strong><\/div>\n<div style=\"padding-left: 30px; text-align: justify;\"><strong><a href=\"https:\/\/www.tjes.jus.br\/corregedoria\/2016\/08\/16\/provimento-no-292015-disp-09032015\/\" target=\"_blank\" rel=\"noopener\">Provimento n\u00ba 29\/2015<\/a> (Publicado em 09\/03\/2015):<\/strong> Regulamenta a inspe\u00e7\u00e3o de todas as unidades do servi\u00e7o notarial e de registro sujeitas \u00e0 fiscaliza\u00e7\u00e3o do Poder Judici\u00e1rio do Estado do Esp\u00edrito Santo, para os fins do art. 37 da <a href=\"http:\/\/www.planalto.gov.br\/ccivil_03\/LEIS\/L8935.htm\">Lei n\u00ba 8.935\/94<\/a> (Lei dos Not\u00e1rios e Registradores), e do art. 59, VI, &#8220;a&#8221;, da Lei Complementar Estadual n\u00ba 234\/2002 (<a href=\"https:\/\/www.tjes.jus.br\/corregedoria\/index.php\/legislacao\/codigo-de-organizacao-judiciaria\/\">C\u00f3digo de Organiza\u00e7\u00e3o Judici\u00e1ria<\/a>).<\/div>\n<div style=\"padding-left: 60px;\"><strong><a href=\"https:\/\/www.tjes.jus.br\/corregedoria\/wp-content\/uploads\/2016\/07\/RELATORIO_DE_INSPECAO_TODAS_ATRIBUICOES_2.doc\">Modelo 001<\/a>\u00a0<\/strong>&#8211; Comum as todas as atribui\u00e7\u00f5es\u00a0<strong>(<\/strong>Utilizado at\u00e9 o ano de 2018<strong>)<\/strong><\/div>\n<div style=\"padding-left: 60px;\"><strong><a href=\"https:\/\/www.tjes.jus.br\/corregedoria\/wp-content\/uploads\/2016\/07\/MODELO_002.pdf\">Modelo 002<\/a>\u00a0<\/strong>&#8211; Registro de im\u00f3veis\u00a0<strong>(<\/strong>Utilizado at\u00e9 o ano de 2018<strong>)<\/strong><\/div>\n<div style=\"padding-left: 60px;\"><strong><a href=\"https:\/\/www.tjes.jus.br\/corregedoria\/wp-content\/uploads\/2016\/07\/MODELO_003.pdf\">Modelo 003<\/a>\u00a0<\/strong>&#8211; Tabelionato de protesto de t\u00edtulos\u00a0<strong>(<\/strong>Utilizado at\u00e9 o ano de 2018<strong>)<\/strong><\/div>\n<div style=\"padding-left: 60px;\"><strong><a href=\"https:\/\/www.tjes.jus.br\/corregedoria\/wp-content\/uploads\/2016\/07\/MODELO_004.pdf\">Modelo 004<\/a>\u00a0<\/strong>&#8211; Registro de t\u00edtulos e documentos e civis das pessoas jur\u00eddicas\u00a0<strong>(<\/strong>Utilizado at\u00e9 o ano de 2018<strong>)<\/strong><\/div>\n<div style=\"padding-left: 60px;\"><strong><a href=\"https:\/\/www.tjes.jus.br\/corregedoria\/wp-content\/uploads\/2016\/07\/MODELO_005.pdf\">Modelo 005<\/a>\u00a0<\/strong>&#8211; Registro civil das pessoas naturais\u00a0<strong>(<\/strong>Utilizado at\u00e9 o ano de 2018<strong>)<\/strong><\/div>\n<div style=\"padding-left: 60px;\"><strong><a href=\"https:\/\/www.tjes.jus.br\/corregedoria\/wp-content\/uploads\/2016\/07\/MODELO_006.pdf\">Modelo 006<\/a>\u00a0<\/strong>&#8211; Tabelionato de notas\u00a0<strong>(<\/strong>Utilizado at\u00e9 o ano de 2018<strong>)<\/strong><\/div>\n","protected":false},"excerpt":{"rendered":"<p>Modelo de Relat\u00f3rio de Inspe\u00e7\u00e3o Extrajudicial (Utilizado at\u00e9 o ano de 2018)\u00a0 &nbsp; Of\u00edcio Circular n\u00ba 019\/2012\u00a0 Provimento n\u00ba 29\/2015 (Publicado em 09\/03\/2015): Regulamenta a inspe\u00e7\u00e3o de todas as unidades do servi\u00e7o notarial e de registro sujeitas \u00e0 fiscaliza\u00e7\u00e3o do Poder Judici\u00e1rio do Estado do Esp\u00edrito Santo, para os fins do art. 37 da Lei [&hellip;]<\/p>\n","protected":false},"author":8,"featured_media":0,"parent":0,"menu_order":0,"comment_status":"closed","ping_status":"closed","template":"","meta":{"footnotes":""},"_links":{"self":[{"href":"https:\/\/www.tjes.jus.br\/corregedoria\/wp-json\/wp\/v2\/pages\/33801"}],"collection":[{"href":"https:\/\/www.tjes.jus.br\/corregedoria\/wp-json\/wp\/v2\/pages"}],"about":[{"href":"https:\/\/www.tjes.jus.br\/corregedoria\/wp-json\/wp\/v2\/types\/page"}],"author":[{"embeddable":true,"href":"https:\/\/www.tjes.jus.br\/corregedoria\/wp-json\/wp\/v2\/users\/8"}],"replies":[{"embeddable":true,"href":"https:\/\/www.tjes.jus.br\/corregedoria\/wp-json\/wp\/v2\/comments?post=33801"}],"version-history":[{"count":2,"href":"https:\/\/www.tjes.jus.br\/corregedoria\/wp-json\/wp\/v2\/pages\/33801\/revisions"}],"predecessor-version":[{"id":33804,"href":"https:\/\/www.tjes.jus.br\/corregedoria\/wp-json\/wp\/v2\/pages\/33801\/revisions\/33804"}],"wp:attachment":[{"href":"https:\/\/www.tjes.jus.br\/corregedoria\/wp-json\/wp\/v2\/media?parent=33801"}],"curies":[{"name":"wp","href":"https:\/\/api.w.org\/{rel}","templated":true}]}}