{"id":34085,"date":"2022-05-31T13:01:20","date_gmt":"2022-05-31T16:01:20","guid":{"rendered":"https:\/\/www.tjes.jus.br\/corregedoria\/?page_id=34085"},"modified":"2026-01-07T14:20:20","modified_gmt":"2026-01-07T17:20:20","slug":"oficios-circulares-anos-anteriores","status":"publish","type":"page","link":"https:\/\/www.tjes.jus.br\/corregedoria\/oficios-circulares-anos-anteriores\/","title":{"rendered":"Of\u00edcios Circulares &#8211; Anos Anteriores"},"content":{"rendered":"<p><a href=\"https:\/\/www.tjes.jus.br\/corregedoria\/oficios-circulares-2025\/\"><strong>Of\u00edcios Circulares &#8211; 2025<\/strong><\/a><\/p>\n<p><a href=\"https:\/\/www.tjes.jus.br\/corregedoria\/oficios-circulares-2024\/\"><strong>Of\u00edcios Circulares 2024<\/strong><\/a><\/p>\n<p><a href=\"https:\/\/www.tjes.jus.br\/corregedoria\/oficios-circulares-2023\/\"><strong>Of\u00edcios Circulares 2023<\/strong><\/a><\/p>\n<p><strong><a href=\"https:\/\/www.tjes.jus.br\/corregedoria\/oficios-circulares-2022\/\">Of\u00edcios Circulares 2022<\/a><\/strong><\/p>\n<p><a href=\"https:\/\/www.tjes.jus.br\/corregedoria\/2022\/01\/20\/oficios-circulares-2021\/\"><strong>Of\u00edcios Circulares 2021<\/strong><\/a><\/p>\n<p><a href=\"https:\/\/www.tjes.jus.br\/corregedoria\/2021\/01\/20\/oficios-circulares-2020\/\"><strong>Of\u00edcios Circulares 2020<\/strong><\/a><\/p>\n<p><a href=\"https:\/\/www.tjes.jus.br\/corregedoria\/2020\/01\/20\/oficios-circulares-2019\/\"><strong>Of\u00edcios Circulares 2019<\/strong><\/a><\/p>\n<p><a href=\"https:\/\/www.tjes.jus.br\/corregedoria\/2020\/01\/20\/oficios-circulares-2018\/\"><strong>Of\u00edcios Circulares 2018<\/strong><\/a><\/p>\n<p><a href=\"https:\/\/www.tjes.jus.br\/corregedoria\/2019\/07\/03\/oficios-circulares-de-2017\/\"><strong>Of\u00edcios Circulares 2017<\/strong><\/a><\/p>\n<p style=\"text-align: justify;\"><a href=\"https:\/\/www.tjes.jus.br\/corregedoria\/index.php\/legislacao\/oficios-circulares\/oficios-circulares-de-2016\/\"><strong>Of\u00edcios Circulares 2016<\/strong><\/a><\/p>\n<p style=\"text-align: justify;\"><a href=\"https:\/\/www.tjes.jus.br\/corregedoria\/index.php\/legislacao\/oficios-circulares\/oficios-circulares-de-2015\/\"><strong>Of\u00edcios Circulares 2015<\/strong><\/a><\/p>\n<div style=\"text-align: justify;\">\n<p><strong><a href=\"https:\/\/www.tjes.jus.br\/corregedoria\/index.php\/legislacao\/oficios-circulares\/oficios-circulares-de-2014\/\" target=\"_self\" rel=\"noopener\">Of\u00edcios Circulares 2014<\/a><\/strong><\/p>\n<\/div>\n<p style=\"text-align: justify;\"><strong><a href=\"https:\/\/www.tjes.jus.br\/corregedoria\/index.php\/legislacao\/oficios-circulares\/oficios-circulares-de-2013\/\">Of\u00edcios Circulares 2013<\/a><\/strong><\/p>\n<p style=\"text-align: justify;\"><a href=\"https:\/\/www.tjes.jus.br\/corregedoria\/index.php\/legislacao\/oficios-circulares\/oficios-circulares-de-2012\/\"><strong>Of\u00edcios Circulares 2012<\/strong><\/a><\/p>\n<p style=\"text-align: justify;\"><a href=\"https:\/\/www.tjes.jus.br\/corregedoria\/legislacao\/oficios-circulares\/oficios-circulares-de-2002-a-2011\/\"><strong>Of\u00edcios Circulares de 2002 a 2011<\/strong><\/a><\/p>\n","protected":false},"excerpt":{"rendered":"<p>Of\u00edcios Circulares &#8211; 2025 Of\u00edcios Circulares 2024 Of\u00edcios Circulares 2023 Of\u00edcios Circulares 2022 Of\u00edcios Circulares 2021 Of\u00edcios Circulares 2020 Of\u00edcios Circulares 2019 Of\u00edcios Circulares 2018 Of\u00edcios Circulares 2017 Of\u00edcios Circulares 2016 Of\u00edcios Circulares 2015 Of\u00edcios Circulares 2014 Of\u00edcios Circulares 2013 Of\u00edcios Circulares 2012 Of\u00edcios Circulares de 2002 a 2011<\/p>\n","protected":false},"author":8,"featured_media":0,"parent":0,"menu_order":0,"comment_status":"closed","ping_status":"closed","template":"","meta":{"footnotes":""},"_links":{"self":[{"href":"https:\/\/www.tjes.jus.br\/corregedoria\/wp-json\/wp\/v2\/pages\/34085"}],"collection":[{"href":"https:\/\/www.tjes.jus.br\/corregedoria\/wp-json\/wp\/v2\/pages"}],"about":[{"href":"https:\/\/www.tjes.jus.br\/corregedoria\/wp-json\/wp\/v2\/types\/page"}],"author":[{"embeddable":true,"href":"https:\/\/www.tjes.jus.br\/corregedoria\/wp-json\/wp\/v2\/users\/8"}],"replies":[{"embeddable":true,"href":"https:\/\/www.tjes.jus.br\/corregedoria\/wp-json\/wp\/v2\/comments?post=34085"}],"version-history":[{"count":6,"href":"https:\/\/www.tjes.jus.br\/corregedoria\/wp-json\/wp\/v2\/pages\/34085\/revisions"}],"predecessor-version":[{"id":45860,"href":"https:\/\/www.tjes.jus.br\/corregedoria\/wp-json\/wp\/v2\/pages\/34085\/revisions\/45860"}],"wp:attachment":[{"href":"https:\/\/www.tjes.jus.br\/corregedoria\/wp-json\/wp\/v2\/media?parent=34085"}],"curies":[{"name":"wp","href":"https:\/\/api.w.org\/{rel}","templated":true}]}}