{"id":34857,"date":"2022-10-03T16:57:01","date_gmt":"2022-10-03T19:57:01","guid":{"rendered":"https:\/\/www.tjes.jus.br\/corregedoria\/?page_id=34857"},"modified":"2023-02-14T18:11:10","modified_gmt":"2023-02-14T20:11:10","slug":"servicos-e-convenios","status":"publish","type":"page","link":"https:\/\/www.tjes.jus.br\/corregedoria\/servicos-e-convenios\/","title":{"rendered":"Servi\u00e7os e Conv\u00eanios"},"content":{"rendered":"<p style=\"text-align: justify;\"><strong><a href=\"https:\/\/www.tjes.jus.br\/corregedoria\/wp-content\/uploads\/2023\/01\/provimento_66-2018.pdf\">Provimento n\u00ba 66\/2018 &#8211; CNJ<\/a>:<\/strong> Disp\u00f5e sobre a presta\u00e7\u00e3o de servi\u00e7os pelos of\u00edcios de registro civil das pessoas naturais mediante conv\u00eanio, credenciamento e matr\u00edcula com \u00f3rg\u00e3os e entidades governamentais e privadas.<\/p>\n<p style=\"text-align: justify;\"><strong><a href=\"https:\/\/www.tjes.jus.br\/corregedoria\/wp-content\/uploads\/2023\/01\/decis\u00e3o-oficio-1320588.pdf\">Decis\u00e3o\/Of\u00edcio 1320588\/7003587-77.2021.8.08.<wbr \/>0000<\/a>:<\/strong>\u00a0\u00a0Homologa\u00e7\u00e3o do termo de conv\u00eanio n\u00ba 01\/2021 e quanto a cria\u00e7\u00e3o da rubrica espec\u00edfica denominada Receita do Conv\u00eanio n\u00ba 01\/2021 &#8211; Servi\u00e7os de Apoio \u00e0 Emiss\u00e3o de Registro Geral (Carteiras de Identidade). <a href=\"https:\/\/www.tjes.jus.br\/corregedoria\/wp-content\/uploads\/2023\/02\/Cart\u00f3rios-participantes.pdf\"><strong>Clique aqui<\/strong><\/a> para consultar cart\u00f3rios participantes.<\/p>\n","protected":false},"excerpt":{"rendered":"<p>Provimento n\u00ba 66\/2018 &#8211; CNJ: Disp\u00f5e sobre a presta\u00e7\u00e3o de servi\u00e7os pelos of\u00edcios de registro civil das pessoas naturais mediante conv\u00eanio, credenciamento e matr\u00edcula com \u00f3rg\u00e3os e entidades governamentais e privadas. Decis\u00e3o\/Of\u00edcio 1320588\/7003587-77.2021.8.08.0000:\u00a0\u00a0Homologa\u00e7\u00e3o do termo de conv\u00eanio n\u00ba 01\/2021 e quanto a cria\u00e7\u00e3o da rubrica espec\u00edfica denominada Receita do Conv\u00eanio n\u00ba 01\/2021 &#8211; Servi\u00e7os de [&hellip;]<\/p>\n","protected":false},"author":8,"featured_media":0,"parent":0,"menu_order":0,"comment_status":"closed","ping_status":"closed","template":"","meta":{"footnotes":""},"_links":{"self":[{"href":"https:\/\/www.tjes.jus.br\/corregedoria\/wp-json\/wp\/v2\/pages\/34857"}],"collection":[{"href":"https:\/\/www.tjes.jus.br\/corregedoria\/wp-json\/wp\/v2\/pages"}],"about":[{"href":"https:\/\/www.tjes.jus.br\/corregedoria\/wp-json\/wp\/v2\/types\/page"}],"author":[{"embeddable":true,"href":"https:\/\/www.tjes.jus.br\/corregedoria\/wp-json\/wp\/v2\/users\/8"}],"replies":[{"embeddable":true,"href":"https:\/\/www.tjes.jus.br\/corregedoria\/wp-json\/wp\/v2\/comments?post=34857"}],"version-history":[{"count":4,"href":"https:\/\/www.tjes.jus.br\/corregedoria\/wp-json\/wp\/v2\/pages\/34857\/revisions"}],"predecessor-version":[{"id":35906,"href":"https:\/\/www.tjes.jus.br\/corregedoria\/wp-json\/wp\/v2\/pages\/34857\/revisions\/35906"}],"wp:attachment":[{"href":"https:\/\/www.tjes.jus.br\/corregedoria\/wp-json\/wp\/v2\/media?parent=34857"}],"curies":[{"name":"wp","href":"https:\/\/api.w.org\/{rel}","templated":true}]}}

Serviços e Convênios

<p style="text-align: justify;"><strong><a href="https://www.tjes.jus.br/corregedoria/wp-content/uploads/2023/01/provimento_66-2018.pdf">Provimento nº 66/2018 &#8211; CNJ</a>:</strong> Dispõe sobre a prestação de serviços pelos ofícios de registro civil das pessoas naturais mediante convênio, credenciamento e matrícula com órgãos e entidades governamentais e privadas.</p>
<p style="text-align: justify;"><strong><a href="https://www.tjes.jus.br/corregedoria/wp-content/uploads/2023/01/decisão-oficio-1320588.pdf">Decisão/Ofício 1320588/7003587-77.2021.8.08.<wbr />0000</a>:</strong>  Homologação do termo de convênio nº 01/2021 e quanto a criação da rubrica específica denominada Receita do Convênio nº 01/2021 &#8211; Serviços de Apoio à Emissão de Registro Geral (Carteiras de Identidade). <a href="https://www.tjes.jus.br/corregedoria/wp-content/uploads/2023/02/Cartórios-participantes.pdf"><strong>Clique aqui</strong></a> para consultar cartórios participantes.</p>

<p>Provimento nº 66/2018 &#8211; CNJ: Dispõe sobre a prestação de serviços pelos ofícios de registro civil das pessoas naturais mediante convênio, credenciamento e matrícula com órgãos e entidades governamentais e privadas. Decisão/Ofício 1320588/7003587-77.2021.8.08.0000:  Homologação do termo de convênio nº 01/2021 e quanto a criação da rubrica específica denominada Receita do Convênio nº 01/2021 &#8211; Serviços de [&hellip;]</p>
