{"id":4205,"date":"2016-07-25T11:23:49","date_gmt":"2016-07-25T14:23:49","guid":{"rendered":"https:\/\/www.tjes.jus.br\/corregedoria\/?page_id=4205"},"modified":"2026-03-25T15:45:20","modified_gmt":"2026-03-25T18:45:20","slug":"foro-judicial","status":"publish","type":"page","link":"https:\/\/www.tjes.jus.br\/corregedoria\/foro-judicial\/","title":{"rendered":"Foro Judicial"},"content":{"rendered":"<p><a href=\"https:\/\/www.tjes.jus.br\/corregedoria\/2019\/07\/03\/comunicados-cgjes\/\">Comunicados CGJES<\/a><\/p>\n<p><a href=\"https:\/\/www.tjes.jus.br\/corregedoria\/index.php\/guia-de-prestacao-de-pena-pecuniaria\/\">Guia de Presta\u00e7\u00e3o de Pena Pecuni\u00e1ria<\/a><\/p>\n<p><a href=\"https:\/\/www.tjes.jus.br\/corregedoria\/multa-criminal\/\">Multa Criminal<\/a><\/p>\n<p><a href=\"https:\/\/www.tjes.jus.br\/corregedoria\/wp-content\/uploads\/2024\/07\/Orientacoes-Gerais-para-Elaboracao-de-Plano-de-Gestao.pdf\">Orienta\u00e7\u00f5es Gerais para Elabora\u00e7\u00e3o de um Plano de Gest\u00e3o<\/a><\/p>\n","protected":false},"excerpt":{"rendered":"<p>Comunicados CGJES Guia de Presta\u00e7\u00e3o de Pena Pecuni\u00e1ria Multa Criminal Orienta\u00e7\u00f5es Gerais para Elabora\u00e7\u00e3o de um Plano de Gest\u00e3o<\/p>\n","protected":false},"author":1,"featured_media":0,"parent":0,"menu_order":0,"comment_status":"closed","ping_status":"closed","template":"","meta":{"footnotes":""},"_links":{"self":[{"href":"https:\/\/www.tjes.jus.br\/corregedoria\/wp-json\/wp\/v2\/pages\/4205"}],"collection":[{"href":"https:\/\/www.tjes.jus.br\/corregedoria\/wp-json\/wp\/v2\/pages"}],"about":[{"href":"https:\/\/www.tjes.jus.br\/corregedoria\/wp-json\/wp\/v2\/types\/page"}],"author":[{"embeddable":true,"href":"https:\/\/www.tjes.jus.br\/corregedoria\/wp-json\/wp\/v2\/users\/1"}],"replies":[{"embeddable":true,"href":"https:\/\/www.tjes.jus.br\/corregedoria\/wp-json\/wp\/v2\/comments?post=4205"}],"version-history":[{"count":32,"href":"https:\/\/www.tjes.jus.br\/corregedoria\/wp-json\/wp\/v2\/pages\/4205\/revisions"}],"predecessor-version":[{"id":46756,"href":"https:\/\/www.tjes.jus.br\/corregedoria\/wp-json\/wp\/v2\/pages\/4205\/revisions\/46756"}],"wp:attachment":[{"href":"https:\/\/www.tjes.jus.br\/corregedoria\/wp-json\/wp\/v2\/media?parent=4205"}],"curies":[{"name":"wp","href":"https:\/\/api.w.org\/{rel}","templated":true}]}}