{"id":42203,"date":"2025-01-21T13:00:50","date_gmt":"2025-01-21T16:00:50","guid":{"rendered":"https:\/\/www.tjes.jus.br\/corregedoria\/?page_id=42203"},"modified":"2025-05-21T13:24:24","modified_gmt":"2025-05-21T16:24:24","slug":"oficios-circulares-2025","status":"publish","type":"page","link":"https:\/\/www.tjes.jus.br\/corregedoria\/oficios-circulares-2025\/","title":{"rendered":"Of\u00edcios Circulares \u2013 2025"},"content":{"rendered":"\n<p><strong><a href=\"https:\/\/www.tjes.jus.br\/corregedoria\/assessoria-de-planejamento-e-fiscalizacao-das-serventias-2025\/\">Assessoria de Planejamento e Fiscaliza\u00e7\u00e3o das Serventias<\/a><\/strong><\/p>\n<p><a href=\"https:\/\/www.tjes.jus.br\/corregedoria\/assessoria-juridica-da-corregedoria-2025\/\"><strong>Assessoria Jur\u00eddica<\/strong><\/a><\/p>\n<p><a href=\"https:\/\/www.tjes.jus.br\/corregedoria\/oficios-circulares-cgjes-2025\/\"><strong>CGJES<\/strong><\/a><\/p>\n<p><a href=\"https:\/\/www.tjes.jus.br\/corregedoria\/secao-de-monitoramento-de-foro-extrajudicial-2025\/\"><strong>Se\u00e7\u00e3o de Monitoramento de Foro Extrajudicial<\/strong><\/a><\/p>\n<p>\u00a0<\/p>\n","protected":false},"excerpt":{"rendered":"<p>Assessoria de Planejamento e Fiscaliza\u00e7\u00e3o das Serventias Assessoria Jur\u00eddica CGJES Se\u00e7\u00e3o de Monitoramento de Foro Extrajudicial \u00a0<\/p>\n","protected":false},"author":8,"featured_media":0,"parent":0,"menu_order":0,"comment_status":"closed","ping_status":"closed","template":"","meta":{"footnotes":""},"_links":{"self":[{"href":"https:\/\/www.tjes.jus.br\/corregedoria\/wp-json\/wp\/v2\/pages\/42203"}],"collection":[{"href":"https:\/\/www.tjes.jus.br\/corregedoria\/wp-json\/wp\/v2\/pages"}],"about":[{"href":"https:\/\/www.tjes.jus.br\/corregedoria\/wp-json\/wp\/v2\/types\/page"}],"author":[{"embeddable":true,"href":"https:\/\/www.tjes.jus.br\/corregedoria\/wp-json\/wp\/v2\/users\/8"}],"replies":[{"embeddable":true,"href":"https:\/\/www.tjes.jus.br\/corregedoria\/wp-json\/wp\/v2\/comments?post=42203"}],"version-history":[{"count":8,"href":"https:\/\/www.tjes.jus.br\/corregedoria\/wp-json\/wp\/v2\/pages\/42203\/revisions"}],"predecessor-version":[{"id":44117,"href":"https:\/\/www.tjes.jus.br\/corregedoria\/wp-json\/wp\/v2\/pages\/42203\/revisions\/44117"}],"wp:attachment":[{"href":"https:\/\/www.tjes.jus.br\/corregedoria\/wp-json\/wp\/v2\/media?parent=42203"}],"curies":[{"name":"wp","href":"https:\/\/api.w.org\/{rel}","templated":true}]}}