{"id":4224,"date":"2016-07-25T11:32:25","date_gmt":"2016-07-25T14:32:25","guid":{"rendered":"https:\/\/www.tjes.jus.br\/corregedoria\/?page_id=4224"},"modified":"2025-11-28T13:39:10","modified_gmt":"2025-11-28T16:39:10","slug":"relatorios-de-inspecao","status":"publish","type":"page","link":"https:\/\/www.tjes.jus.br\/corregedoria\/relatorios-de-inspecao\/","title":{"rendered":"Relat\u00f3rios de Inspe\u00e7\u00e3o"},"content":{"rendered":"<h2 style=\"text-align: justify;\"><\/h2>\n<table style=\"height: 1588px;\">\n<tbody>\n<tr style=\"height: 468px;\">\n<td style=\"height: 468px;\">\n<h2 style=\"text-align: justify;\">Relat\u00f3rio de Inspe\u00e7\u00e3o Judicial:<\/h2>\n<p style=\"text-align: justify;\">A Inspe\u00e7\u00e3o Judicial Anual \u00e9 uma fun\u00e7\u00e3o dentro do Sistema de Apoios \u00e0s Serventias Judiciais de 1\u00ba Grau do Painel da Corregedoria Geral da Justi\u00e7a do Estado do Esp\u00edrito Santo.<br \/>\nTodas as unidades judici\u00e1rias que realizam a inspe\u00e7\u00e3o anual encontram-se devidamente habilitadas no referido sistema.<br \/>\nO sistema desenvolvido tem como objetivo tornar mais \u00e1gil o envio do Relat\u00f3rio Final de Inspe\u00e7\u00e3o, conforme regulamenta\u00e7\u00e3o constante do artigo 29, do C\u00f3digo de Normas \u2013 CGJES, Tomo I, republicado em 19\/02\/2020 (<a href=\"https:\/\/www.tjes.jus.br\/corregedoria\/2020\/02\/20\/provimento-no-03-2019-disp-19-02-2020-republicacao\/\"><strong>Provimento n\u00ba 03\/2020<\/strong><\/a>).<\/p>\n<p style=\"text-align: justify; padding-left: 60px;\"><a href=\"https:\/\/www.tjes.jus.br\/corregedoria\/wp-content\/uploads\/2021\/08\/Manual-Relatorio-Inspecao-CGJES-v7.pdf\"><strong>Manual do Usu\u00e1rio &#8211; Inspe\u00e7\u00e3o Judicial Anual<\/strong><\/a><\/p>\n<p style=\"text-align: justify;\"><strong><a href=\"https:\/\/www.tjes.jus.br\/corregedoria\/2020\/07\/23\/provimento-no-24-2020-disp-23-07-2020\/\">Provimento n\u00ba 24\/2020\u00a0<\/a>(Publicado em 23\/07\/2020):<\/strong> Regulamenta o procedimento de inspe\u00e7\u00e3o judicial anual no \u00e2mbito das unidades judici\u00e1rias\u00a0que utilizam\u00a0 o Sistema Eletr\u00f4nico de Execu\u00e7\u00e3o Unificado \u2013 SEEU,\u00a0vinculadas ao Egr\u00e9gio Tribunal de Justi\u00e7a do Estado do Esp\u00edrito Santo.<\/p>\n<p style=\"text-align: justify; padding-left: 60px;\"><a href=\"https:\/\/www.tjes.jus.br\/corregedoria\/wp-content\/uploads\/2020\/07\/Relatorio_de_Inspecao_Judicial_SEEU.pdf\"><strong>Modelo Relat\u00f3rio Inspe\u00e7\u00e3o Judicial SEEU<\/strong><\/a><strong><br \/>\n<\/strong><\/p>\n<\/td>\n<\/tr>\n<tr style=\"height: 695px;\">\n<td style=\"height: 695px;\">\n<h2><\/h2>\n<h2>\u00a0Relat\u00f3rios de Inspe\u00e7\u00e3o Extrajudicial:<\/h2>\n<h3 style=\"text-align: justify; padding-left: 30px;\">Modelo de Relat\u00f3rio de Inspe\u00e7\u00e3o Extrajudicial<strong> (<span style=\"color: #ff0000;\">NOVO<\/span>)\u00a0<\/strong><\/h3>\n<div>\n<div style=\"padding-left: 30px; text-align: justify;\"><a href=\"https:\/\/www.tjes.jus.br\/corregedoria\/wp-content\/uploads\/2021\/12\/of\u00edcio_circular_0965548-2021.pdf\"><strong>Of\u00edcio Circular n\u00ba 0965548\/2021\u00a0<\/strong><\/a><span style=\"color: #ff0000;\"><strong>(ATEN\u00c7\u00c3O! LEIA ANTES DE ENVIAR O RELAT\u00d3RIO: DISP\u00d5E SOBRE A PADRONIZA\u00c7\u00c3O PARA ENVIO)<\/strong><\/span><\/div>\n<div style=\"padding-left: 30px; text-align: justify;\"><a href=\"https:\/\/www.tjes.jus.br\/corregedoria\/wp-content\/uploads\/2021\/06\/CN-EXTRAJUDICIAL-7.6.2021-Vers%C3%A3o-2.9.3-altera%C3%A7%C3%B5es-ate-Provimento-054-2021-2.pdf\"><strong>C\u00f3digo de Normas &#8211; Foro Extrajudicial &#8211; Tomo II<\/strong><\/a><\/div>\n<div style=\"padding-left: 60px;\"><strong><a href=\"https:\/\/www.tjes.jus.br\/corregedoria\/wp-content\/uploads\/2022\/09\/Modelo-001-Comum-a-Todas-as-Atribui\u00e7\u00f5es.pdf\">Modelo 001<\/a><\/strong> &#8211; Comum as todas as atribui\u00e7\u00f5es (<span style=\"color: #ff0000;\"><strong>NOVO<\/strong><\/span> &#8211; Disponibilizado a partir de 23\/09\/2022)<\/div>\n<div style=\"padding-left: 60px;\"><a href=\"https:\/\/www.tjes.jus.br\/corregedoria\/wp-content\/uploads\/2023\/03\/Modelo-002-Registro-Geral-de-Im\u00f3veis-alterado-08-03-2023.pdf\"><strong>Modelo 002<\/strong><\/a> &#8211; Registro de im\u00f3veis\u00a0(<span style=\"color: #ff0000;\"><strong>NOVO<\/strong><\/span> &#8211; Disponibilizado a partir de 21\/03\/2023)<\/div>\n<div style=\"padding-left: 60px;\"><a href=\"https:\/\/www.tjes.jus.br\/corregedoria\/wp-content\/uploads\/2022\/09\/Modelo-003-Tab.-Protesto-alterado-22-09-22-1.pdf\"><strong>Modelo 003<\/strong><\/a> &#8211; Tabelionato de protesto de t\u00edtulos\u00a0(<span style=\"color: #ff0000;\"><strong>NOVO<\/strong><\/span> &#8211; Disponibilizado a partir de 23\/09\/2022)<\/div>\n<div style=\"padding-left: 60px;\"><a href=\"https:\/\/www.tjes.jus.br\/corregedoria\/wp-content\/uploads\/2023\/03\/Modelo-004-RDTPJ-alterado-08-03-2023.pdf\"><strong>Modelo 004\u00a0<\/strong><\/a>&#8211; Registro de t\u00edtulos e documentos e civis das pessoas jur\u00eddicas\u00a0(<span style=\"color: #ff0000;\"><strong>NOVO<\/strong><\/span> &#8211; Disponibilizado a partir de 21\/03\/2023)<\/div>\n<div style=\"padding-left: 60px;\"><a href=\"https:\/\/www.tjes.jus.br\/corregedoria\/wp-content\/uploads\/2023\/03\/Modelo-005-Registro-Civil-das-Pessoas-Naturais-alterado-08-03-2023.pdf\"><strong>Modelo 005<\/strong> <\/a>&#8211; Registro civil das pessoas naturais\u00a0(<span style=\"color: #ff0000;\"><strong>NOVO<\/strong><\/span> &#8211; Disponibilizado a partir de 21\/03\/2023)<\/div>\n<div style=\"padding-left: 60px;\"><a href=\"https:\/\/www.tjes.jus.br\/corregedoria\/wp-content\/uploads\/2025\/11\/Modelo-006-Tab.-Notas-alterado-27-11-2025.pdf\"><strong>Modelo 006<\/strong><\/a> &#8211; Tabelionato de notas\u00a0(<span style=\"color: #ff0000;\"><strong>NOVO<\/strong><\/span> &#8211; Disponibilizado a partir de 28\/11\/2025)<\/div>\n<\/div>\n<div><\/div>\n<div><\/div>\n<div>\n<h5>\u00a0 \u00a0 \u00a0 \u00a0 <a href=\"https:\/\/www.tjes.jus.br\/corregedoria\/modelo-de-relatorio-de-inspecao-extrajudicial-utilizado-ate-23-09-2022\/\">Modelo de Relat\u00f3rio de Inspe\u00e7\u00e3o Extrajudicial<\/a><strong> (<\/strong><strong><span style=\"color: #ff0000;\">Utilizado at\u00e9 o dia 23\/09\/2022)<\/span><\/strong><strong>\u00a0<\/strong><\/h5>\n<h5 style=\"text-align: justify; padding-left: 30px;\"><a href=\"https:\/\/www.tjes.jus.br\/corregedoria\/modelo-de-relatorio-de-inspecao-extrajudicial-2021\/\">Modelo de Relat\u00f3rio de Inspe\u00e7\u00e3o Extrajudicial<\/a><strong> (<\/strong><strong><span style=\"color: #ff0000;\">Utilizado at\u00e9 o ano de 2021<\/span><\/strong><strong>)\u00a0<\/strong><\/h5>\n<\/div>\n<h5 style=\"text-align: justify; padding-left: 30px;\"><a href=\"https:\/\/www.tjes.jus.br\/corregedoria\/modelo-de-relatorio-de-inspecao-extrajudicial-2019\/\">Modelo de Relat\u00f3rio de Inspe\u00e7\u00e3o Extrajudicial<\/a><strong> (<\/strong><strong><span style=\"color: #ff0000;\">Utilizado at\u00e9 o ano de 2019<\/span><\/strong><strong>)\u00a0<\/strong><\/h5>\n<div>\n<h5 style=\"text-align: justify; padding-left: 30px;\"><a href=\"https:\/\/www.tjes.jus.br\/corregedoria\/modelo-de-relatorio-de-inspecao-extrajudicial-2018\/\">Modelo de Relat\u00f3rio de Inspe\u00e7\u00e3o Extrajudicial<\/a><strong> (<span style=\"color: #ff0000;\">Utilizado at\u00e9 o ano de 2018<\/span>)\u00a0<\/strong><\/h5>\n<\/div>\n<div style=\"padding-left: 30px;\"><\/div>\n<\/td>\n<\/tr>\n<tr style=\"height: 237px;\">\n<td style=\"height: 237px;\">\n<h2>Roteiro para Inspe\u00e7\u00e3o Semestral em Entidades de Atendimento aos Adolescentes em Conflito com a Lei<\/h2>\n<h3>(Medidas Socioeducativas em Meio Aberto)<\/h3>\n<div style=\"padding-left: 30px; text-align: justify;\"><strong><a href=\"https:\/\/www.tjes.jus.br\/corregedoria\/2016\/08\/16\/provimento-no-362015-disp-09092016\/\">Provimento n\u00ba 36\/2015<\/a>\u00a0(Publicado em 09\/09\/2015) &#8211;<\/strong>\u00a0Revisa o roteiro de inspe\u00e7\u00e3o semestral nos servi\u00e7os de prote\u00e7\u00e3o social a adolescentes em cumprimento de medida socioeducativa de liberdade assistida e presta\u00e7\u00e3o de servi\u00e7o \u00e0 comunidade.<\/div>\n<div style=\"padding-left: 30px;\"><strong><a href=\"https:\/\/www.tjes.jus.br\/corregedoria\/index.php\/2016\/07\/25\/resolucao-cnj-no-77-de-26052009\/\" target=\"_blank\" rel=\"noopener\">Resolu\u00e7\u00e3o CNJ n\u00ba 77\/2009<\/a>\u00a0(Confira <a href=\"http:\/\/www.cnj.jus.br\/atos-normativos?documento=55\" target=\"_blank\" rel=\"noopener\">link<\/a> atualizado do CNJ)<\/strong><\/div>\n<div style=\"padding-left: 60px;\"><strong><a href=\"https:\/\/www.tjes.jus.br\/corregedoria\/wp-content\/uploads\/2016\/08\/Provimento_36-2015-Anexo.odt\">Modelo<\/a>\u00a0&#8211;<\/strong> Modelo do roteiro para inspe\u00e7\u00e3o semestral.<\/div>\n<\/td>\n<\/tr>\n<tr style=\"height: 188px;\">\n<td style=\"height: 188px;\">\n<h2>\u00a0Roteiro de Inspe\u00e7\u00e3o de Institui\u00e7\u00e3o de Acolhimento:<\/h2>\n<div style=\"padding-left: 30px; text-align: justify;\"><a href=\"https:\/\/www.tjes.jus.br\/corregedoria\/2016\/06\/07\/ato-normativo-conjunto-no-0142015-disp-04092015\/\" target=\"_blank\" rel=\"noopener\"><strong>Ato Conjunto n\u00ba 014\/2015<\/strong><\/a>\u00a0&#8211; Disp\u00f5e sobre a atua\u00e7\u00e3o do magistrado na inspe\u00e7\u00e3o anual dos programas de acolhimento familiar e institucional de crian\u00e7as e adolescentes sob medida protetiva no Estado do Esp\u00edrito Santo.<\/div>\n<div style=\"padding-left: 60px; text-align: justify;\"><strong><a href=\"https:\/\/www.tjes.jus.br\/corregedoria\/wp-content\/uploads\/2016\/07\/ROTEIRO-PARA-INSPECAO-ANUAL-NOS-SERVICOS-DE-ACOLHIMENTO.pdf\">Anexo I<\/a>\u00a0<\/strong>&#8211;\u00a0Roteiro para inspe\u00e7\u00e3o anual dos servi\u00e7os de acolhimento institucional para crian\u00e7as e adolescentes<\/div>\n<div style=\"padding-left: 60px; text-align: justify;\"><strong><a href=\"https:\/\/www.tjes.jus.br\/corregedoria\/wp-content\/uploads\/2016\/07\/LISTA-DE-CRIANCAS.pdf\">Anexo II<\/a>\u00a0<\/strong>&#8211;\u00a0 Rela\u00e7\u00e3o de crian\u00e7as e adolescentes acolhidos<\/div>\n<\/td>\n<\/tr>\n<\/tbody>\n<\/table>\n<h3 style=\"padding-left: 30px;\"><\/h3>\n<h2 style=\"text-align: justify;\"><\/h2>\n<div style=\"text-align: justify; padding-left: 30px;\"><\/div>\n","protected":false},"excerpt":{"rendered":"<p>Relat\u00f3rio de Inspe\u00e7\u00e3o Judicial: A Inspe\u00e7\u00e3o Judicial Anual \u00e9 uma fun\u00e7\u00e3o dentro do Sistema de Apoios \u00e0s Serventias Judiciais de 1\u00ba Grau do Painel da Corregedoria Geral da Justi\u00e7a do Estado do Esp\u00edrito Santo. Todas as unidades judici\u00e1rias que realizam a inspe\u00e7\u00e3o anual encontram-se devidamente habilitadas no referido sistema. O sistema desenvolvido tem como objetivo [&hellip;]<\/p>\n","protected":false},"author":1,"featured_media":0,"parent":0,"menu_order":0,"comment_status":"closed","ping_status":"closed","template":"","meta":{"footnotes":""},"_links":{"self":[{"href":"https:\/\/www.tjes.jus.br\/corregedoria\/wp-json\/wp\/v2\/pages\/4224"}],"collection":[{"href":"https:\/\/www.tjes.jus.br\/corregedoria\/wp-json\/wp\/v2\/pages"}],"about":[{"href":"https:\/\/www.tjes.jus.br\/corregedoria\/wp-json\/wp\/v2\/types\/page"}],"author":[{"embeddable":true,"href":"https:\/\/www.tjes.jus.br\/corregedoria\/wp-json\/wp\/v2\/users\/1"}],"replies":[{"embeddable":true,"href":"https:\/\/www.tjes.jus.br\/corregedoria\/wp-json\/wp\/v2\/comments?post=4224"}],"version-history":[{"count":75,"href":"https:\/\/www.tjes.jus.br\/corregedoria\/wp-json\/wp\/v2\/pages\/4224\/revisions"}],"predecessor-version":[{"id":45416,"href":"https:\/\/www.tjes.jus.br\/corregedoria\/wp-json\/wp\/v2\/pages\/4224\/revisions\/45416"}],"wp:attachment":[{"href":"https:\/\/www.tjes.jus.br\/corregedoria\/wp-json\/wp\/v2\/media?parent=4224"}],"curies":[{"name":"wp","href":"https:\/\/api.w.org\/{rel}","templated":true}]}}