{"id":43670,"date":"2025-05-21T13:19:37","date_gmt":"2025-05-21T16:19:37","guid":{"rendered":"https:\/\/www.tjes.jus.br\/corregedoria\/?page_id=43670"},"modified":"2025-12-17T18:14:55","modified_gmt":"2025-12-17T21:14:55","slug":"assessoria-juridica-da-corregedoria-2025","status":"publish","type":"page","link":"https:\/\/www.tjes.jus.br\/corregedoria\/assessoria-juridica-da-corregedoria-2025\/","title":{"rendered":"Assessoria Jur\u00eddica \u2013 2025"},"content":{"rendered":"\n<p style=\"text-align: justify;\"><strong><a href=\"https:\/\/www.tjes.jus.br\/corregedoria\/2025\/12\/17\/oficio-circular-cgjes-06-2025-disp-17-12-2025\/\">Of\u00edcio Circular CGJES N\u00ba 06\/2025<\/a>\u00a0\u2013<\/strong>\u00a0\u00a0<strong>Assessoria Jur\u00eddica da Corregedoria \u2013 (Disponibilizado em 17\/12\/2025) \u2013<\/strong>PERMITIR,\u00a0de maneira excepcional, o n\u00e3o funcionamento dos servi\u00e7os notariais e registrais do Estado do Esp\u00edrito Santo nos dias\u00a024 e 31 de dezembro de 2025, sem preju\u00edzo do plant\u00e3o a que alude o art. 14, Tomo II, do C\u00f3digo de Normas. Dever\u00e1 ser afixado, nas depend\u00eancias das serventias, aviso vis\u00edvel alertando os usu\u00e1rios acerca do hor\u00e1rio diferenciado de funcionamento.<\/p>\n<p style=\"text-align: justify;\"><strong><a href=\"https:\/\/www.tjes.jus.br\/corregedoria\/2025\/05\/21\/oficio-circular-cgjes-02-2025-disp-21-05-2025\/\">Of\u00edcio Circular CGJES N\u00ba 02\/2025<\/a>\u00a0\u2013<\/strong>\u00a0\u00a0<strong>Assessoria Jur\u00eddica da Corregedoria \u2013 (Disponibilizado em 21\/05\/2025) \u2013ESTENDER<\/strong>\u00a0aos servi\u00e7os extrajudiciais o ponto facultativo do dia 19 de junho de 2025 \u2013 quinta-feira &#8211; ficando a crit\u00e9rio do delegat\u00e1rio(a) o n\u00e3o funcionamento, sem preju\u00edzo do regime de plant\u00e3o nos termos do artigo 14 do C\u00f3digo de Normas &#8211; Foro Extrajudicial.<\/p>\n","protected":false},"excerpt":{"rendered":"<p>Of\u00edcio Circular CGJES N\u00ba 06\/2025\u00a0\u2013\u00a0\u00a0Assessoria Jur\u00eddica da Corregedoria \u2013 (Disponibilizado em 17\/12\/2025) \u2013PERMITIR,\u00a0de maneira excepcional, o n\u00e3o funcionamento dos servi\u00e7os notariais e registrais do Estado do Esp\u00edrito Santo nos dias\u00a024 e 31 de dezembro de 2025, sem preju\u00edzo do plant\u00e3o a que alude o art. 14, Tomo II, do C\u00f3digo de Normas. Dever\u00e1 ser afixado, [&hellip;]<\/p>\n","protected":false},"author":8,"featured_media":0,"parent":0,"menu_order":0,"comment_status":"closed","ping_status":"closed","template":"","meta":{"footnotes":""},"_links":{"self":[{"href":"https:\/\/www.tjes.jus.br\/corregedoria\/wp-json\/wp\/v2\/pages\/43670"}],"collection":[{"href":"https:\/\/www.tjes.jus.br\/corregedoria\/wp-json\/wp\/v2\/pages"}],"about":[{"href":"https:\/\/www.tjes.jus.br\/corregedoria\/wp-json\/wp\/v2\/types\/page"}],"author":[{"embeddable":true,"href":"https:\/\/www.tjes.jus.br\/corregedoria\/wp-json\/wp\/v2\/users\/8"}],"replies":[{"embeddable":true,"href":"https:\/\/www.tjes.jus.br\/corregedoria\/wp-json\/wp\/v2\/comments?post=43670"}],"version-history":[{"count":4,"href":"https:\/\/www.tjes.jus.br\/corregedoria\/wp-json\/wp\/v2\/pages\/43670\/revisions"}],"predecessor-version":[{"id":45694,"href":"https:\/\/www.tjes.jus.br\/corregedoria\/wp-json\/wp\/v2\/pages\/43670\/revisions\/45694"}],"wp:attachment":[{"href":"https:\/\/www.tjes.jus.br\/corregedoria\/wp-json\/wp\/v2\/media?parent=43670"}],"curies":[{"name":"wp","href":"https:\/\/api.w.org\/{rel}","templated":true}]}}