{"id":4595,"date":"2016-08-10T16:40:36","date_gmt":"2016-08-10T19:40:36","guid":{"rendered":"https:\/\/www.tjes.jus.br\/corregedoria\/?page_id=4595"},"modified":"2026-02-06T13:31:27","modified_gmt":"2026-02-06T16:31:27","slug":"resolucoes-tjes-2016","status":"publish","type":"page","link":"https:\/\/www.tjes.jus.br\/corregedoria\/legislacao\/resolucoes-tjes\/resolucoes-tjes-2016\/","title":{"rendered":"Resolu\u00e7\u00f5es TJES &#8211; 2016"},"content":{"rendered":"<p style=\"text-align: justify;\"><a href=\"https:\/\/www.tjes.jus.br\/corregedoria\/index.php\/2016\/12\/12\/resolucao-no-0332016-disp-em-05122016\/\">033 &#8211; (CONSELHO)\u00a0Desliga, a pedido, o Exmo. Dr. J\u00falio Cesar Costa de Oliveira, MM. Juiz de Direito, como membro da 1\u00aa Turma do Col\u00e9gio Recursal da Capital, a partir de 05\/12\/2016 &#8211; disp. em 05\/12\/2016<\/a><\/p>\n<p style=\"text-align: justify;\"><a href=\"https:\/\/www.tjes.jus.br\/corregedoria\/index.php\/2016\/12\/12\/resolucao-no-0322016-disp-em-05122016\/\">032 &#8211; (CONSELHO)\u00a0Desliga, a pedido, a Exm\u00aa Dra. Elza Maria de Oliveira Ximenes, MM. Ju\u00edza de Direito, como membro da 3\u00aa Turma do Col\u00e9gio Recursal da Capital, a partir de 31\/12\/2016 &#8211; disp. em 05\/12\/2016<\/a><\/p>\n<p style=\"text-align: justify;\"><a href=\"https:\/\/www.tjes.jus.br\/corregedoria\/index.php\/2016\/12\/12\/resolucao-no-312016-disp-em-05122016\/\">031 &#8211; (CONSELHO) Autoriza\u00a0a realiza\u00e7\u00e3o de sess\u00e3o extraordin\u00e1ria do Tribunal do J\u00fari na Comarca de Rio Novo do Sul nos meses de janeiro, fevereiro, abril, maio, julho, agosto, outubro e novembro de 2017 &#8211; disp. em 05\/12\/2016<\/a><\/p>\n<p style=\"text-align: justify;\"><a href=\"https:\/\/www.tjes.jus.br\/corregedoria\/index.php\/2016\/11\/23\/resolucao-no-0302016-disp-em-23112016\/\">030 &#8211; (CONSELHO) Homologa o vitaliciamento de magistrados da 2\u00aa Turma &#8211; disp. em 23\/11\/2016<\/a><\/p>\n<p style=\"text-align: justify;\"><a href=\"https:\/\/www.tjes.jus.br\/corregedoria\/index.php\/2017\/03\/15\/resolucao-no-292016-conselho-disp-03112016\/\">029 &#8211; (CONSELHO)\u00a0Convoca o Exm\u00ba Sr. Dr. Marcos Pereira Sanches, para compor como suplente a 2\u00aa Turma do Colegiado Recursal da Capital &#8211; disp. em 03\/11\/2016<\/a><\/p>\n<p style=\"text-align: justify;\"><a href=\"https:\/\/www.tjes.jus.br\/corregedoria\/index.php\/2017\/01\/10\/resolucao-no-282016-disp-em-10012017\/\">028 &#8211;\u00a0Altera a reda\u00e7\u00e3o do Art. 3\u00ba, da Resolu\u00e7\u00e3o n\u00ba 18\/2016 &#8211; disp. em 10\/01\/2017<\/a>. <span style=\"color: #ff0000;\"><strong>REVOGADA<\/strong><\/span><\/p>\n<p style=\"text-align: justify;\"><a href=\"https:\/\/www.tjes.jus.br\/corregedoria\/index.php\/2017\/03\/15\/resolucao-no-282016-conselho-disp-03112016\/\">028 &#8211; (CONSELHO)\u00a0Autoriza\u00a0a realiza\u00e7\u00e3o de sess\u00e3o extraordin\u00e1ria do Tribunal do J\u00fari na 1\u00aa Vara Criminal da Comarca de S\u00e3o Mateus em novembro de 2016 &#8211; disp. em 03\/11\/2016<\/a><\/p>\n<p style=\"text-align: justify;\"><a href=\"https:\/\/www.tjes.jus.br\/corregedoria\/index.php\/2016\/12\/19\/resolucao-n-272016-disp-em-19122016\/\">027 &#8211;\u00a0Regulamenta o acesso \u00e0 informa\u00e7\u00e3o e a aplica\u00e7\u00e3o da Lei Federal n\u00ba 12.527\/11 e da Lei Estadual n\u00ba 9.871\/12 no \u00e2mbito do Poder Judici\u00e1rio do Estado do Espirito Santo &#8211; disp. em 19\/12\/2016<\/a><\/p>\n<p style=\"text-align: justify;\"><a href=\"https:\/\/www.tjes.jus.br\/corregedoria\/index.php\/2017\/03\/15\/resolucao-no-272016-conselho-disp-em-03112016\/\">027 &#8211; (CONSELHO)\u00a0Convoca o Exm\u00ba Sr. Dr. Bruno Silveira de Oliveira para compor, como suplente, a Turma Recursal da Regi\u00e3o Norte &#8211; disp. em 03\/11\/2016<\/a><\/p>\n<p style=\"text-align: justify;\"><a href=\"https:\/\/www.tjes.jus.br\/corregedoria\/index.php\/2016\/12\/12\/resolucao-no-0262016-disp-em-05122016\/\">026 &#8211; Desmembra e oficializa a Escrivania de Foro Judicial da Secretaria da 1\u00aa Vara da Fazenda P\u00fablica Estadual, Municipal, Registros P\u00fablicos, Meio Ambiente e Sa\u00fade de Vit\u00f3ria, Comarca da Capital\/ES, do Cart\u00f3rio do 4\u00ba Of\u00edcio \u2013 Tabelionato de Notas de Vit\u00f3ria, Comarca da Capital\/ES &#8211; disp. em 05\/12\/2016<\/a><\/p>\n<p style=\"text-align: justify;\"><a href=\"https:\/\/www.tjes.jus.br\/corregedoria\/index.php\/2017\/03\/15\/resolucao-no-262016-conselho-disp-em-03112016\/\">026 &#8211; (CONSELHO)\u00a0Desliga, a pedido, o Dr. Thiago Vargas Cardoso, como membro da 3\u00aa Turma do Colegiado Recursal da Capital &#8211; disp. em 03\/11\/2016<\/a><\/p>\n<p style=\"text-align: justify;\"><a href=\"https:\/\/www.tjes.jus.br\/corregedoria\/index.php\/2016\/12\/06\/resolucao-no-0252016-disp-em-05122016\/\">025 &#8211;\u00a0Delibera sobre a facultatividade no uso de indument\u00e1ria diversa do terno pelos advogados no per\u00edodo de 25\/11\/2016 a 21\/03\/2017, nas depend\u00eancias das unidades de Primeiro e Segundo Graus &#8211; disp. em 05\/12\/2016<\/a><\/p>\n<p style=\"text-align: justify;\"><a href=\"https:\/\/www.tjes.jus.br\/corregedoria\/index.php\/2017\/04\/25\/resolucao-no-252016-disp-07102016\/\">025 &#8211; (CONSELHO)\u00a0Convoca a Exm\u00aa. Sr\u00aa. Ju\u00edza de Direito Telmelita Guimar\u00e3es Alves, para compor como suplente a 2\u00aa Turma do Colegiado Recursal da Capital &#8211; disp. 07\/10\/2016<\/a><\/p>\n<p style=\"text-align: justify;\"><a href=\"https:\/\/www.tjes.jus.br\/corregedoria\/index.php\/2016\/11\/29\/resolucao-no-0242016-disp-em-29112016\/\">024 &#8211;\u00a0Desmembra e oficializa a Escrivania de Foro Judicial da Secretaria da 1\u00aa Vara da Fazenda P\u00fablica Estadual, Municipal, Registros P\u00fablicos, Meio Ambiente e Sa\u00fade de Vit\u00f3ria, Comarca da Capital\/ES, do Cart\u00f3rio do 4\u00ba Of\u00edcio \u2013 Tabelionato de Notas de Vit\u00f3ria, Comarca da Capital\/ES &#8211; disp. em 29\/11\/2016<\/a><\/p>\n<p style=\"text-align: justify;\"><a href=\"https:\/\/www.tjes.jus.br\/corregedoria\/index.php\/2017\/04\/25\/resolucao-no-242016-conselho-disp-20092016\/\">024 (CONSELHO)\u00a0Homologa\u00a0a remo\u00e7\u00e3o de servidores, referente ao Edital n\u00ba 50\/15, cargo de Analista Judici\u00e1rios Especiais \u2013 QS \u2013 Escriv\u00e3o Judici\u00e1rio, realizada no dia 01\/12\/2015 &#8211; disp. 20\/09\/2016<\/a><\/p>\n<p style=\"text-align: justify;\"><a href=\"https:\/\/www.tjes.jus.br\/corregedoria\/index.php\/2016\/11\/11\/resolucao-no-0232016-disp-em-11112016\/\">023 &#8211; Edita e aprova o Regimento Interno do Colegiado Recursal e da Turma de Uniformiza\u00e7\u00e3o e Interpreta\u00e7\u00e3o de Lei dos Juizados Especiais do ES &#8211; disp. 11\/11\/2016<\/a>\u00a0&#8211;\u00a0<strong><span style=\"color: #ff0000;\">ALTERADA <\/span>pela\u00a0<a href=\"https:\/\/www.tjes.jus.br\/corregedoria\/2019\/05\/13\/resolucao-no-015-2019-disp-13-05-2019\/\">Resolu\u00e7\u00e3o n\u00ba 015\/2019<\/a>, disponibilizada em 13\/05\/2019<\/strong><\/p>\n<p style=\"text-align: justify;\"><a href=\"https:\/\/www.tjes.jus.br\/corregedoria\/index.php\/2017\/04\/25\/resolucao-no-232016-conselho-disp-19092016\/\">023 &#8211; (CONSELHO)\u00a0Desliga, a pedido, o Exmo. Dr. Boanerges Eler Lopes, MM. Juiz de Direito, como membro da Turma Recursal Sul do Colegiado Recursal dos Juizados Especiais &#8211; disp. 19\/09\/2016<\/a><\/p>\n<p style=\"text-align: justify;\"><a href=\"https:\/\/www.tjes.jus.br\/corregedoria\/index.php\/2016\/11\/03\/resolucao-n-0222016-disp-em-03112016\/\">022 &#8211; Altera o\u00a0art. 4\u00ba, caput, da Resolu\u00e7\u00e3o n\u00ba 021\/2016 &#8211; disp. 03\/11\/2016<\/a><\/p>\n<p style=\"text-align: justify;\"><a href=\"https:\/\/www.tjes.jus.br\/corregedoria\/index.php\/2017\/04\/25\/resolucao-no-222016-conselho-disp-19092016\/\">022 &#8211; (CONSELHO)\u00a0Convoca o Exm\u00ba. Sr. Juiz de Direito Braz Arist\u00f3teles dos Reis, para compor como suplente a 3\u00aa Turma do Colegiado Recursal da Capital &#8211; disp. 19\/09\/2016<\/a><\/p>\n<p style=\"text-align: justify;\"><a href=\"https:\/\/www.tjes.jus.br\/corregedoria\/index.php\/2016\/10\/17\/resolucao-n-0212016-disp-em-17102016\/\">021 &#8211;\u00a0Regulamenta o Programa de Aposentadoria Incentivada \u2013 PAI do Poder Judici\u00e1rio do Estado do Esp\u00edrito Santo previsto na Lei n\u00ba 10.551\/2016 &#8211; disp. 17\/10\/2016<\/a>\u00a0&#8211; <strong><span style=\"color: #ff0000;\">ALTERADA<\/span>\u00a0pela <a href=\"https:\/\/www.tjes.jus.br\/corregedoria\/index.php\/2016\/11\/03\/resolucao-n-0222016-disp-em-03112016\/\" target=\"_blank\" rel=\"noopener noreferrer\">Resolu\u00e7\u00e3o n\u00ba 022\/2016<\/a>, disponibilizada em 03\/11\/2016<\/strong><\/p>\n<p style=\"text-align: justify;\"><a href=\"https:\/\/www.tjes.jus.br\/corregedoria\/index.php\/2017\/04\/25\/resolucao-no-212016-conselho-disp-19092016\/\">021 &#8211; (CONSELHO)\u00a0Convoca o Exm\u00ba. Sr. Juiz de Direito Ademar Jo\u00e3o Bermond, para compor como suplente a 1\u00aa Turma do Colegiado Recursal da Capital &#8211; disp. 19\/09\/2016<\/a><\/p>\n<p style=\"text-align: justify;\"><a href=\"https:\/\/www.tjes.jus.br\/corregedoria\/index.php\/2017\/04\/25\/resolucao-no-0202016-conselho-disp-02082016\/\">020 &#8211; (CONSELHO)\u00a0Convoca a Exm\u00aa Sr\u00aa Ju\u00edza de Direito Livia Regina Savergnini Bissoli Lage para compor, como suplente, a Turma Recursal da Regi\u00e3o Norte &#8211; disp.\u00a002\/08\/2016<\/a><\/p>\n<p style=\"text-align: justify;\"><a href=\"https:\/\/www.tjes.jus.br\/corregedoria\/index.php\/2016\/08\/24\/resolucao-no-0202016-disp-22082016\/\">020 &#8211; Resolve sobre a licen\u00e7a-paternidade dos magistrados e servidores do PJES &#8211; Disp. 22\/08\/2016<\/a>\u00a0&#8211; <span style=\"color: #ff0000;\"><strong>ALTERADA<\/strong><\/span><\/p>\n<p style=\"text-align: justify;\"><a href=\"https:\/\/www.tjes.jus.br\/corregedoria\/index.php\/2016\/08\/16\/resolucao-no-0192016-disp-16082016\/\">019 &#8211; Estabelece prorroga\u00e7\u00e3o da licen\u00e7a paternidade &#8211; Disp. 16\/08\/2016<\/a><\/p>\n<p style=\"text-align: justify;\"><a href=\"https:\/\/www.tjes.jus.br\/corregedoria\/index.php\/2017\/04\/25\/resolucao-no-192016-conselho-disp-13072016\/\">019 &#8211; (CONSELHO) Autoriza\u00a0a realiza\u00e7\u00e3o de sess\u00e3o extraordin\u00e1ria do Tribunal do J\u00fari na Comarca de \u00c1gua Doce do Norte no dia 25\/07\/2016 &#8211; disp. 13\/07\/2016<\/a><\/p>\n<p style=\"text-align: justify;\"><a href=\"https:\/\/www.tjes.jus.br\/corregedoria\/index.php\/2016\/08\/05\/resolucao-no-0182016-disp-05082016\/\">018 &#8211;\u00a0Instituir a premia\u00e7\u00e3o anual de produtividade e gest\u00e3o judicial &#8211; Disp. 05\/08\/2016<\/a>\u00a0&#8211; <strong><span style=\"color: #ff0000;\">ALTERADA<\/span> pela <a href=\"https:\/\/www.tjes.jus.br\/corregedoria\/index.php\/2017\/01\/10\/resolucao-no-282016-disp-em-10012017\/\" target=\"_blank\" rel=\"noopener noreferrer\">Resolu\u00e7\u00e3o n\u00ba 028\/2016<\/a>, disponibilizada em 10\/01\/2017. <span style=\"color: #ff0000;\">REVOGADA<\/span><\/strong><\/p>\n<p style=\"text-align: justify;\"><a href=\"https:\/\/www.tjes.jus.br\/corregedoria\/index.php\/2017\/04\/25\/resolucao-no-182016-conselho-disp-13072016\/\">018 &#8211; (CONSELHO)\u00a0Desliga, a pedido, a Exma. Sra. Dra. Tereza Augusta Woelffel, MM. Ju\u00edza de Direito, como membro da 1\u00aa Turma do Colegiado Recursal da Capital &#8211; disp. 13\/07\/2016<\/a><\/p>\n<p><a href=\"https:\/\/www.tjes.jus.br\/corregedoria\/index.php\/2017\/03\/14\/resolucao-no-172016-disp-em-05082016\/\">017 &#8211;\u00a0Estabelece valor de Vale Alimenta\u00e7\u00e3o para Servidores do PJES \u2013 Disp. 05\/08\/2016<\/a><\/p>\n<p style=\"text-align: justify;\"><a href=\"https:\/\/www.tjes.jus.br\/corregedoria\/index.php\/2016\/07\/13\/resolucao-no-0172016-conselho-disp-13072016\/\">017 &#8211; (CONSELHO)\u00a0Convocar o Exm\u00ba Sr. Juiz de Direito Murilo Ribeiro Ferreira, para compor como suplente a Turma Recursal da Regi\u00e3o Sul &#8211; Disp. 13\/07\/2016<\/a><\/p>\n<p style=\"text-align: justify;\"><a href=\"https:\/\/www.tjes.jus.br\/corregedoria\/index.php\/2016\/07\/13\/resolucao-no-0162016-conselho-disp-13072016\/\">016 &#8211; (CONSELHO)\u00a0Convocar o Exm\u00ba Sr. Juiz de Direito Camilo Jos\u00e9 d&#8217;avila Couto, para compor como suplente a 3\u00aa Turma do Colegiado Recursal da Capital &#8211; Disp. 13\/07\/2016<\/a><\/p>\n<p style=\"text-align: justify;\"><a href=\"https:\/\/www.tjes.jus.br\/corregedoria\/index.php\/2017\/03\/14\/resolucao-no-162016-disp-em-13072016\/\">016 &#8211; Fica eleito como VICE-CORREGEDOR GERAL DA JUSTI\u00c7A do Egr\u00e9gio Tribunal de Justi\u00e7a para o Bi\u00eanio 2016\/2017, o Exm\u00ba Sr. Desembargador JOS\u00c9 PAULO CALMON NOGUEIRA DA GAMA &#8211; Disp. 13\/07\/2016<\/a><\/p>\n<p style=\"text-align: justify;\"><a href=\"https:\/\/www.tjes.jus.br\/corregedoria\/index.php\/2016\/07\/13\/resolucao-no-0152016-conselho-disp-13072016\/\">015 &#8211; (CONSELHO)\u00a0Convocar a Exm\u00aa Sr\u00aa Ju\u00edza de Direito Paula Cheim Jorge D&#8217;avila Couto, para compor como suplente a 2\u00aa Turma do Colegiado Recursal da Capital &#8211; Disp. 13\/07\/2016<\/a><\/p>\n<p style=\"text-align: justify;\"><a href=\"https:\/\/www.tjes.jus.br\/corregedoria\/index.php\/2017\/03\/14\/resolucao-no-152016-disp-em-13072016\/\">015 &#8211; Altera\u00a0a numera\u00e7\u00e3o da 3\u00aa Vara C\u00edvel da Comarca de Colatina, passando a ser denominada de 2\u00aa Vara C\u00edvel da Comarca de Colatina e d\u00e1 outras provid\u00eancias &#8211; Disp. 13\/07\/2016<\/a><\/p>\n<p style=\"text-align: justify;\"><a href=\"https:\/\/www.tjes.jus.br\/corregedoria\/index.php\/2016\/07\/13\/resolucao-no-0142016-conselho-disp-13072016\/\">014 &#8211; (CONSELHO) Convocar a Exm\u00aa Sr\u00aa Ju\u00edza de Direito Elza Maria de Oliveira Ximenes, para compor como membro a 3\u00aa Turma do Colegiado Recursal da Capital &#8211; Disp. 13\/07\/2016\u00a0<\/a><\/p>\n<p style=\"text-align: justify;\"><a href=\"https:\/\/www.tjes.jus.br\/corregedoria\/index.php\/2016\/07\/13\/resolucao-no-0142016-disp-13072016\/\">014 &#8211;\u00a0Autoriza a instala\u00e7\u00e3o do 3\u00ba CENTRO JUDICI\u00c1RIO DE SOLU\u00c7\u00c3O DE CONFLITOS E CIDADANIA e incorpora a ele o Projeto Justi\u00e7a Comunit\u00e1ria &#8211; Disp. 13\/07\/2016 <\/a>&#8211; <span style=\"color: #ff0000;\"><strong>REVOGADO<\/strong><\/span><\/p>\n<p style=\"text-align: justify;\"><a href=\"https:\/\/www.tjes.jus.br\/corregedoria\/index.php\/2017\/03\/14\/resolucao-no-132016-disp-em-15072016\/\">013 &#8211;\u00a0Reformula o quantitativo de vagas de est\u00e1gio apresentado nos anexos da Resolu\u00e7\u00e3o n\u00ba 07\/2016 e d\u00e1 outras provid\u00eancias &#8211; Disp. 15\/07\/2016<\/a><\/p>\n<p style=\"text-align: justify;\"><a href=\"https:\/\/www.tjes.jus.br\/corregedoria\/index.php\/2016\/07\/13\/resolucao-no-0132016-conselho-disp-13072016\/\">013 &#8211; (CONSELHO) Homologar\u00a0<span lang=\"pt-BR\">o vitaliciamento de\u00a0<\/span><span lang=\"pt-BR\">Magistrados &#8211; Disp. 13\/07\/2016<\/span><\/a><\/p>\n<p style=\"text-align: justify;\"><a href=\"https:\/\/www.tjes.jus.br\/corregedoria\/index.php\/2016\/07\/13\/resolucao-no-0122016-conselho-disp-13072016\/\">012 &#8211; (CONSELHO)\u00a0Autorizar\u00a0a realiza\u00e7\u00e3o de sess\u00e3o extraordin\u00e1ria do Tribunal do J\u00fari na Comarca de Pedro Can\u00e1rio no m\u00eas de julho\/2016 &#8211; Disp. 13\/07\/2016<\/a><\/p>\n<p style=\"text-align: justify;\"><a href=\"https:\/\/www.tjes.jus.br\/corregedoria\/index.php\/2016\/07\/05\/resolucao-no-122016-disp-23062016\/\">012 &#8211; Adota medida saneadora para a conten\u00e7\u00e3o de despesas do PJES\u00a0com vistas \u00e0 recupera\u00e7\u00e3o do limite legal imposto para o gasto total com pessoal e d\u00e1 outras provid\u00eancias &#8211; Disp. 23\/06\/2016<\/a> &#8211; <span style=\"color: #ff0000;\"><strong>ANULADA<\/strong><\/span><\/p>\n<p style=\"text-align: justify;\"><a href=\"https:\/\/www.tjes.jus.br\/corregedoria\/index.php\/2016\/07\/13\/resolucao-no-0112016-conselho-disp-13072016\/\">011 &#8211; (CONSELHO)\u00a0Autorizar\u00a0a realiza\u00e7\u00e3o de sess\u00e3o extraordin\u00e1ria do Tribunal do J\u00fari na Comarca de Pi\u00fama nos dias 05\/10\/2016 e 19\/10\/2016 &#8211; Disp. 13\/07\/2016<\/a><\/p>\n<p style=\"text-align: justify;\"><a href=\"https:\/\/www.tjes.jus.br\/corregedoria\/index.php\/2016\/07\/05\/resolucao-no-112016-disp-22062016\/\">011 &#8211; Referenda Resolu\u00e7\u00e3o n\u00ba 01\/2016 de 15\/01\/2016 &#8211; Disp. 22\/06\/2016<\/a><\/p>\n<p style=\"text-align: justify;\"><a href=\"https:\/\/www.tjes.jus.br\/corregedoria\/index.php\/2016\/07\/05\/resolucao-no-0102016-conselho-disp-22062016\/\">010 &#8211; (CONSELHO) Autoriza Sess\u00e3o Extraordin\u00e1ria do J\u00fari em Montanha para Maio\/2016\u00a0&#8211; Disp. 22\/06\/2016<\/a><\/p>\n<p style=\"text-align: justify;\"><a href=\"https:\/\/www.tjes.jus.br\/corregedoria\/index.php\/2016\/07\/05\/resolucao-no-102016-disp-21062016\/\">010 &#8211; Torna\u00a0sem efeito a Resolu\u00e7\u00e3o n\u00ba 052\/2015 &#8211; DISP. 21\/06\/2016<\/a><\/p>\n<p style=\"text-align: justify;\"><a href=\"https:\/\/www.tjes.jus.br\/corregedoria\/index.php\/2016\/07\/05\/resolucao-no-092016-conselho-disp-22062016\/\">009 &#8211; (CONSELHO) Convoca o Exmo. Sr. Dr. Gustavo Mattedi Reggiani\u00a0como membro\u00a0da Turma do Colegiado Recursal Norte &#8211; Disp. 22\/06\/2016<\/a><\/p>\n<p style=\"text-align: justify;\"><a href=\"https:\/\/www.tjes.jus.br\/corregedoria\/index.php\/2016\/06\/27\/resolucao-no-0092016-disp-07062016\/\" target=\"_blank\" rel=\"noopener noreferrer\">009 &#8211; Adota medidas saneadoras para impulsionar a conten\u00e7\u00e3o de despesas do PJES\u00a0com vistas \u00e0 recupera\u00e7\u00e3o dos limites legais impostos para o gasto total com pessoal e outras provid\u00eancias &#8211; disp. 07\/06\/2016<\/a><\/p>\n<p style=\"text-align: justify;\" align=\"justify\"><a href=\"https:\/\/www.tjes.jus.br\/corregedoria\/index.php\/2016\/07\/05\/resolucao-no-082016-conselho-disp-22062016\/\">008 &#8211; (CONSELHO)\u00a0Convoca o Exmo. Sr. Dr. Lailton dos Santos\u00a0como suplente da Turma do Colegiado Recursal Sul\u00a0&#8211; Disp. 22\/06\/2016<\/a><\/p>\n<p style=\"text-align: justify;\" align=\"justify\"><a href=\"https:\/\/www.tjes.jus.br\/corregedoria\/index.php\/2016\/06\/27\/resolucao-no-0082016-disp-16052016\/\">008 &#8211; Prorroga por dois anos validade do Concurso de Juiz Substituto &#8211; disp. 16\/05\/2016<\/a><\/p>\n<p style=\"text-align: justify;\" align=\"justify\"><a href=\"https:\/\/www.tjes.jus.br\/corregedoria\/index.php\/2016\/06\/27\/resolucao-no-0072016-disp-11052016\/\">007 &#8211; Regulamenta o Programa de Est\u00e1gio Remunerado do Poder Judici\u00e1rio &#8211; disp. 11\/05\/2016<\/a>\u00a0&#8211; <span style=\"color: #ff0000;\"><strong>REPUBLICA\u00c7\u00c3O &#8211; ALTERADA &#8211; REVOGADO<\/strong><\/span><\/p>\n<p style=\"text-align: justify;\" align=\"justify\"><a href=\"https:\/\/www.tjes.jus.br\/corregedoria\/index.php\/2016\/06\/27\/resolucao-no-0072016-disp-10052016\/\">007 &#8211; Regulamenta o Programa de Est\u00e1gio Remunerado do Poder Judici\u00e1rio &#8211; disp. 10\/05\/2016<\/a>\u00a0&#8211; <span style=\"color: #ff0000;\"><strong>REPUBLICADA<\/strong><\/span><\/p>\n<p style=\"text-align: justify;\" align=\"justify\"><a href=\"https:\/\/www.tjes.jus.br\/corregedoria\/index.php\/2016\/07\/05\/resolucao-no-062016-disp-22062016\/\">006 &#8211; (CONSELHO) Convoca o Exmo. Sr. Dr. J\u00falio C\u00e9sar Costa de Oliveira como suplente da 1\u00aa Turma do Colegiado Recursal da Capital &#8211; Disp. 22\/06\/2016<\/a>\u00a0&#8211; <span style=\"color: #ff0000;\"><strong>ALTERADA<\/strong><\/span><\/p>\n<p style=\"text-align: justify;\" align=\"justify\"><a href=\"https:\/\/www.tjes.jus.br\/corregedoria\/index.php\/2016\/07\/01\/resolucao-no-0062016-disp-29042016\/\">006 &#8211; Referendar as Resolu\u00e7\u00f5es 03 e 04\/2016 de 22\/03\/2016 &#8211; disp. 29\/04\/2016<\/a><\/p>\n<p style=\"text-align: justify;\" align=\"justify\"><a href=\"https:\/\/www.tjes.jus.br\/corregedoria\/index.php\/2016\/07\/01\/resolucao-no-0052016-disp-28042016\/\">005 &#8211; Altera a composi\u00e7\u00e3o da Comiss\u00e3o de Regimento Interno do TJES &#8211; disp. 28\/04\/2016<\/a><\/p>\n<p style=\"text-align: justify;\" align=\"justify\"><a href=\"https:\/\/www.tjes.jus.br\/corregedoria\/index.php\/2017\/04\/25\/resolucao-no-052016-conselho-disp-25042016\/\">005 &#8211; (CONSELHO) Autoriza\u00a0a realiza\u00e7\u00e3o de sess\u00e3o extraordin\u00e1ria do Tribunal do J\u00fari na Comarca de Montanha no m\u00eas de abril\/2016 &#8211; disp. 25\/04\/2016<\/a><\/p>\n<p style=\"text-align: justify;\" align=\"justify\"><a href=\"https:\/\/www.tjes.jus.br\/corregedoria\/index.php\/2017\/04\/25\/resolucao-no-042016-conselho-disp-25042016\/\">004 &#8211; (CONSELHO) &#8211;\u00a0Autoriza\u00a0a realiza\u00e7\u00e3o de sess\u00e3o extraordin\u00e1ria do Tribunal do J\u00fari na Comarca de Rio Novo do Sul no meses de abril, maio, julho, agosto, outubro e novembro\/2016 &#8211; disp. 25\/04\/2016<\/a><\/p>\n<p style=\"text-align: justify;\" align=\"justify\"><a href=\"https:\/\/www.tjes.jus.br\/corregedoria\/index.php\/2016\/06\/27\/resolucao-no-0042016-disp-22032016\/\">004 &#8211; Designa, &#8220;ad referendum&#8221; Des. Janete Vargas Sim\u00f5es coordenadora do NUPEMEC &#8211; disp. 22\/03\/2016<\/a><\/p>\n<p style=\"text-align: justify;\" align=\"justify\"><a href=\"https:\/\/www.tjes.jus.br\/corregedoria\/index.php\/2017\/04\/25\/resolucao-no-032016-conselho-disp-25042016\/\">003 &#8211; (CONSELHO) Autoriza\u00a0a realiza\u00e7\u00e3o de sess\u00e3o extraordin\u00e1ria do Tribunal do J\u00fari na Comarca de Aracruz nos dias 05, 07, 12 e 14\/04\/2016 &#8211; disp. 25\/04\/2016<\/a><\/p>\n<p style=\"text-align: justify;\" align=\"justify\"><a href=\"https:\/\/www.tjes.jus.br\/corregedoria\/index.php\/2016\/06\/27\/resolucao-no-0032016-disp-22032016\/\">003 &#8211; Dispensa, a pedido, &#8220;ad referendum&#8221; Des. Samuel M. Brasil J\u00fanior do NUPEMEC &#8211; disp. 22\/03\/2016<\/a><\/p>\n<p style=\"text-align: justify;\" align=\"justify\"><a href=\"https:\/\/www.tjes.jus.br\/corregedoria\/index.php\/2017\/04\/25\/resolucao-no-022016-publ-18032016\/\">002 &#8211; (CONSELHO) Autoriza a realiza\u00e7\u00e3o de sess\u00e3o extraordin\u00e1ria do Tribunal do J\u00fari na Comarca de Pi\u00fama nos meses de maio e junho\/2016 &#8211; disp. 18\/03\/2016<\/a> &#8211; <span style=\"color: #ff0000;\"><strong>REPUBLICA\u00c7\u00c3O<\/strong><\/span><\/p>\n<p style=\"text-align: justify;\" align=\"justify\"><a href=\"https:\/\/www.tjes.jus.br\/corregedoria\/index.php\/2017\/04\/25\/resolucao-no-0202016-conselho-disp-02082016\/\">002 &#8211; (CONSELHO) Autoriza\u00a0a realiza\u00e7\u00e3o de sess\u00e3o extraordin\u00e1ria do Tribunal do J\u00fari na Comarca de Pi\u00fama nos meses de maio e junho\/2016 &#8211; disp. 17\/03\/2016<\/a>\u00a0&#8211; <span style=\"color: #ff0000;\"><strong>REPUBLICADA<\/strong><\/span><\/p>\n<p style=\"text-align: justify;\" align=\"justify\"><a href=\"https:\/\/www.tjes.jus.br\/corregedoria\/index.php\/2016\/07\/01\/resolucao-no-0022016-disp-15012016-referendada\/\">002 &#8211; Altera a Resolu\u00e7\u00e3o n\u00ba 74\/2011 &#8211; Disp. 15\/01\/2016 &#8211; <strong>REFERENDADA<\/strong><\/a><\/p>\n<p style=\"text-align: justify;\" align=\"justify\"><a href=\"https:\/\/www.tjes.jus.br\/corregedoria\/index.php\/2017\/04\/25\/resolucao-no-012016-conselho-disp-18032016-republicacao\/\">001 &#8211; (CONSELHO) Autoriza a realiza\u00e7\u00e3o de sess\u00e3o extraordin\u00e1ria do Tribunal do J\u00fari na Comarca de Guarapari nos meses de abril, maio, julho, agosto e outubro\/2016 &#8211; disp. 18\/03\/201<\/a>6 &#8211; <span style=\"color: #ff0000;\"><strong>REPUBLICA\u00c7\u00c3O<\/strong><\/span><\/p>\n<p style=\"text-align: justify;\" align=\"justify\"><a href=\"https:\/\/www.tjes.jus.br\/corregedoria\/index.php\/2017\/04\/25\/resolucao-no-012016-conselho-disp-17032016\/\">001 &#8211; (CONSELHO) Autoriza a realiza\u00e7\u00e3o de sess\u00e3o extraordin\u00e1ria do Tribunal do J\u00fari na Comarca de Guarapari nos meses de abril, maio, julho, agosto e outubro\/2016 &#8211; disp. 17\/03\/2016<\/a>\u00a0&#8211; <span style=\"color: #ff0000;\"><strong>REPUBLICADA<\/strong><\/span><\/p>\n<p style=\"text-align: justify;\" align=\"justify\"><a href=\"https:\/\/www.tjes.jus.br\/corregedoria\/index.php\/2016\/07\/01\/resolucao-no-0012016-disp-15012016-referendada\/\">001 &#8211; Altera os Anexos da Resolu\u00e7\u00e3o n\u00ba 005\/2015 &#8211; Disp. 15\/01\/2016 &#8211; <strong>REFERENDADA\u00a0<\/strong><\/a>&#8211;<strong><span style=\"color: #ff0000;\"> REVOGADA<\/span><\/strong><\/p>\n","protected":false},"excerpt":{"rendered":"<p>033 &#8211; (CONSELHO)\u00a0Desliga, a pedido, o Exmo. Dr. J\u00falio Cesar Costa de Oliveira, MM. Juiz de Direito, como membro da 1\u00aa Turma do Col\u00e9gio Recursal da Capital, a partir de 05\/12\/2016 &#8211; disp. em 05\/12\/2016 032 &#8211; (CONSELHO)\u00a0Desliga, a pedido, a Exm\u00aa Dra. Elza Maria de Oliveira Ximenes, MM. Ju\u00edza de Direito, como membro da [&hellip;]<\/p>\n","protected":false},"author":1,"featured_media":0,"parent":4580,"menu_order":0,"comment_status":"closed","ping_status":"closed","template":"","meta":{"footnotes":""},"_links":{"self":[{"href":"https:\/\/www.tjes.jus.br\/corregedoria\/wp-json\/wp\/v2\/pages\/4595"}],"collection":[{"href":"https:\/\/www.tjes.jus.br\/corregedoria\/wp-json\/wp\/v2\/pages"}],"about":[{"href":"https:\/\/www.tjes.jus.br\/corregedoria\/wp-json\/wp\/v2\/types\/page"}],"author":[{"embeddable":true,"href":"https:\/\/www.tjes.jus.br\/corregedoria\/wp-json\/wp\/v2\/users\/1"}],"replies":[{"embeddable":true,"href":"https:\/\/www.tjes.jus.br\/corregedoria\/wp-json\/wp\/v2\/comments?post=4595"}],"version-history":[{"count":33,"href":"https:\/\/www.tjes.jus.br\/corregedoria\/wp-json\/wp\/v2\/pages\/4595\/revisions"}],"predecessor-version":[{"id":46249,"href":"https:\/\/www.tjes.jus.br\/corregedoria\/wp-json\/wp\/v2\/pages\/4595\/revisions\/46249"}],"up":[{"embeddable":true,"href":"https:\/\/www.tjes.jus.br\/corregedoria\/wp-json\/wp\/v2\/pages\/4580"}],"wp:attachment":[{"href":"https:\/\/www.tjes.jus.br\/corregedoria\/wp-json\/wp\/v2\/media?parent=4595"}],"curies":[{"name":"wp","href":"https:\/\/api.w.org\/{rel}","templated":true}]}}