{"id":65,"date":"2016-05-15T13:51:13","date_gmt":"2016-05-15T16:51:13","guid":{"rendered":"http:\/\/localhost\/corregedoria\/?page_id=65"},"modified":"2016-06-17T10:25:27","modified_gmt":"2016-06-17T13:25:27","slug":"objetivos","status":"publish","type":"page","link":"https:\/\/www.tjes.jus.br\/corregedoria\/objetivos\/","title":{"rendered":"Objetivos"},"content":{"rendered":"<p><img loading=\"lazy\" decoding=\"async\" class=\"size-full wp-image-107 alignleft\" src=\"https:\/\/www.tjes.jus.br\/corregedoria\/wp-content\/uploads\/2016\/05\/teste2.png\" alt=\"teste2\" width=\"270\" height=\"250\" \/><\/p>\n<p>&nbsp;<\/p>\n<p>A Corregedoria Geral da Justi\u00e7a do Esp\u00edrito Santo tem como Objetivos principais:<\/p>\n<p>Orienta\u00e7\u00e3o;<\/p>\n<p>Apoio;<\/p>\n<p>Correi\u00e7\u00e3o;<\/p>\n<p>Servi\u00e7os oferecidos \u00e0 Sociedade;<\/p>\n<p>Procedimentos internos.<\/p>\n","protected":false},"excerpt":{"rendered":"<p>&nbsp; A Corregedoria Geral da Justi\u00e7a do Esp\u00edrito Santo tem como Objetivos principais: Orienta\u00e7\u00e3o; Apoio; Correi\u00e7\u00e3o; Servi\u00e7os oferecidos \u00e0 Sociedade; Procedimentos internos.<\/p>\n","protected":false},"author":1,"featured_media":107,"parent":0,"menu_order":0,"comment_status":"closed","ping_status":"closed","template":"","meta":{"footnotes":""},"_links":{"self":[{"href":"https:\/\/www.tjes.jus.br\/corregedoria\/wp-json\/wp\/v2\/pages\/65"}],"collection":[{"href":"https:\/\/www.tjes.jus.br\/corregedoria\/wp-json\/wp\/v2\/pages"}],"about":[{"href":"https:\/\/www.tjes.jus.br\/corregedoria\/wp-json\/wp\/v2\/types\/page"}],"author":[{"embeddable":true,"href":"https:\/\/www.tjes.jus.br\/corregedoria\/wp-json\/wp\/v2\/users\/1"}],"replies":[{"embeddable":true,"href":"https:\/\/www.tjes.jus.br\/corregedoria\/wp-json\/wp\/v2\/comments?post=65"}],"version-history":[{"count":11,"href":"https:\/\/www.tjes.jus.br\/corregedoria\/wp-json\/wp\/v2\/pages\/65\/revisions"}],"predecessor-version":[{"id":2342,"href":"https:\/\/www.tjes.jus.br\/corregedoria\/wp-json\/wp\/v2\/pages\/65\/revisions\/2342"}],"wp:featuredmedia":[{"embeddable":true,"href":"https:\/\/www.tjes.jus.br\/corregedoria\/wp-json\/wp\/v2\/media\/107"}],"wp:attachment":[{"href":"https:\/\/www.tjes.jus.br\/corregedoria\/wp-json\/wp\/v2\/media?parent=65"}],"curies":[{"name":"wp","href":"https:\/\/api.w.org\/{rel}","templated":true}]}}